Last updated on 2024-06-30 00:59:15 CEST.
Flavor | Version | Tinstall | Tcheck | Ttotal | Status | Flags |
---|---|---|---|---|---|---|
r-devel-linux-x86_64-debian-clang | 0.2.0 | 8.18 | 67.26 | 75.44 | OK | |
r-devel-linux-x86_64-debian-gcc | 0.2.0 | 5.92 | 48.95 | 54.87 | OK | |
r-devel-linux-x86_64-fedora-clang | 0.2.0 | 94.09 | NOTE | |||
r-devel-linux-x86_64-fedora-gcc | 0.2.0 | 86.58 | NOTE | |||
r-devel-windows-x86_64 | 0.2.0 | 8.00 | 88.00 | 96.00 | OK | |
r-patched-linux-x86_64 | 0.2.0 | 8.57 | 63.08 | 71.65 | OK | |
r-release-linux-x86_64 | 0.2.0 | 6.02 | 63.07 | 69.09 | OK | |
r-release-macos-arm64 | 0.2.0 | 29.00 | OK | |||
r-release-macos-x86_64 | 0.2.0 | 51.00 | OK | |||
r-release-windows-x86_64 | 0.2.0 | 9.00 | 88.00 | 97.00 | OK | |
r-oldrel-macos-arm64 | 0.2.0 | 31.00 | OK | |||
r-oldrel-macos-x86_64 | 0.2.0 | 46.00 | OK | |||
r-oldrel-windows-x86_64 | 0.2.0 | 11.00 | 98.00 | 109.00 | OK |
Version: 0.2.0
Check: dependencies in R code
Result: NOTE
Namespaces in Imports field not imported from:
‘assertthat’ ‘future’ ‘httr’
All declared Imports should be used.
Flavors: r-devel-linux-x86_64-fedora-clang, r-devel-linux-x86_64-fedora-gcc