Last updated on 2024-06-30 00:59:15 CEST.
Flavor | Version | Tinstall | Tcheck | Ttotal | Status | Flags |
---|---|---|---|---|---|---|
r-devel-linux-x86_64-debian-clang | 1.1.1 | 9.88 | 88.47 | 98.35 | OK | |
r-devel-linux-x86_64-debian-gcc | 1.1.1 | 6.42 | 62.51 | 68.93 | OK | |
r-devel-linux-x86_64-fedora-clang | 1.1.1 | 117.64 | NOTE | |||
r-devel-linux-x86_64-fedora-gcc | 1.1.1 | 110.13 | OK | |||
r-devel-windows-x86_64 | 1.1.1 | 10.00 | 111.00 | 121.00 | OK | |
r-patched-linux-x86_64 | 1.1.1 | 13.92 | 81.28 | 95.20 | OK | |
r-release-linux-x86_64 | 1.1.1 | 8.39 | 80.59 | 88.98 | OK | |
r-release-macos-arm64 | 1.1.1 | 33.00 | OK | |||
r-release-macos-x86_64 | 1.1.1 | 53.00 | OK | |||
r-release-windows-x86_64 | 1.1.1 | 10.00 | 88.00 | 98.00 | OK | |
r-oldrel-macos-arm64 | 1.1.1 | 37.00 | OK | |||
r-oldrel-macos-x86_64 | 1.1.1 | 69.00 | OK | |||
r-oldrel-windows-x86_64 | 1.1.1 | 12.00 | 103.00 | 115.00 | OK |
Version: 1.1.1
Check: Rd cross-references
Result: NOTE
Undeclared package ‘jsonlite’ in Rd xrefs
Flavor: r-devel-linux-x86_64-fedora-clang