Last updated on 2024-06-30 00:59:15 CEST.
Flavor | Version | Tinstall | Tcheck | Ttotal | Status | Flags |
---|---|---|---|---|---|---|
r-devel-linux-x86_64-debian-clang | 2.7.8 | 9.03 | 91.50 | 100.53 | NOTE | |
r-devel-linux-x86_64-debian-gcc | 2.7.8 | 7.47 | 67.32 | 74.79 | NOTE | |
r-devel-linux-x86_64-fedora-clang | 2.7.8 | 124.92 | NOTE | |||
r-devel-linux-x86_64-fedora-gcc | 2.7.8 | 129.77 | NOTE | |||
r-devel-windows-x86_64 | 2.7.8 | 10.00 | 96.00 | 106.00 | NOTE | |
r-patched-linux-x86_64 | 2.7.8 | 10.09 | 87.12 | 97.21 | NOTE | |
r-release-linux-x86_64 | 2.7.8 | 8.81 | 86.87 | 95.68 | NOTE | |
r-release-macos-arm64 | 2.7.8 | 54.00 | NOTE | |||
r-release-macos-x86_64 | 2.7.8 | 82.00 | NOTE | |||
r-release-windows-x86_64 | 2.7.8 | 11.00 | 97.00 | 108.00 | NOTE | |
r-oldrel-macos-arm64 | 2.7.8 | 54.00 | OK | |||
r-oldrel-macos-x86_64 | 2.7.8 | 96.00 | OK | |||
r-oldrel-windows-x86_64 | 2.7.8 | 12.00 | 108.00 | 120.00 | OK |
Version: 2.7.8
Check: Rd files
Result: NOTE
checkRd: (-1) google_find_place.Rd:67: Lost braces in \itemize; meant \describe ?
checkRd: (-1) google_find_place.Rd:68: Lost braces in \itemize; meant \describe ?
checkRd: (-1) google_find_place.Rd:69: Lost braces in \itemize; meant \describe ?
checkRd: (-1) google_map.Rd:54: Lost braces; missing escapes or markup?
54 | of `{sf}` objects).}
| ^
Flavors: r-devel-linux-x86_64-debian-clang, r-devel-linux-x86_64-debian-gcc, r-devel-linux-x86_64-fedora-clang, r-devel-linux-x86_64-fedora-gcc, r-devel-windows-x86_64, r-patched-linux-x86_64, r-release-linux-x86_64, r-release-macos-arm64, r-release-macos-x86_64, r-release-windows-x86_64