Last updated on 2024-06-30 00:59:15 CEST.
Flavor | Version | Tinstall | Tcheck | Ttotal | Status | Flags |
---|---|---|---|---|---|---|
r-devel-linux-x86_64-debian-clang | 0.0.11 | 13.81 | 107.19 | 121.00 | OK | |
r-devel-linux-x86_64-debian-gcc | 0.0.11 | 9.07 | 79.83 | 88.90 | OK | |
r-devel-linux-x86_64-fedora-clang | 0.0.11 | 150.01 | NOTE | |||
r-devel-linux-x86_64-fedora-gcc | 0.0.11 | 159.62 | NOTE | |||
r-devel-windows-x86_64 | 0.0.11 | 11.00 | 106.00 | 117.00 | OK | |
r-patched-linux-x86_64 | 0.0.11 | 13.55 | 100.72 | 114.27 | OK | |
r-release-linux-x86_64 | 0.0.11 | 7.39 | 99.55 | 106.94 | OK | |
r-release-macos-arm64 | 0.0.11 | 54.00 | OK | |||
r-release-macos-x86_64 | 0.0.11 | 78.00 | OK | |||
r-release-windows-x86_64 | 0.0.11 | 11.00 | 107.00 | 118.00 | OK | |
r-oldrel-macos-arm64 | 0.0.11 | 58.00 | OK | |||
r-oldrel-macos-x86_64 | 0.0.11 | 127.00 | OK | |||
r-oldrel-windows-x86_64 | 0.0.11 | 16.00 | 113.00 | 129.00 | OK |
Version: 0.0.11
Check: data for non-ASCII characters
Result: NOTE
Note: found 5030 marked UTF-8 strings
Flavors: r-devel-linux-x86_64-fedora-clang, r-devel-linux-x86_64-fedora-gcc