Last updated on 2024-06-16 11:57:57 CEST.
Flavor | Version | Tinstall | Tcheck | Ttotal | Status | Flags |
---|---|---|---|---|---|---|
r-devel-linux-x86_64-debian-clang | 1.0.0 | 14.17 | 137.75 | 151.92 | NOTE | |
r-devel-linux-x86_64-debian-gcc | 1.0.0 | 9.28 | 101.34 | 110.62 | NOTE | |
r-devel-linux-x86_64-fedora-clang | 1.0.0 | 187.23 | NOTE | |||
r-devel-linux-x86_64-fedora-gcc | 1.0.0 | 190.51 | NOTE | |||
r-devel-windows-x86_64 | 1.0.0 | 12.00 | 113.00 | 125.00 | NOTE | |
r-patched-linux-x86_64 | 1.0.0 | 11.46 | 131.34 | 142.80 | NOTE | |
r-release-linux-x86_64 | 1.0.0 | 9.37 | 129.07 | 138.44 | NOTE | |
r-release-macos-arm64 | 1.0.0 | 58.00 | NOTE | |||
r-release-macos-x86_64 | 1.0.0 | 87.00 | NOTE | |||
r-release-windows-x86_64 | 1.0.0 | 13.00 | 113.00 | 126.00 | NOTE | |
r-oldrel-macos-arm64 | 1.0.0 | 67.00 | NOTE | |||
r-oldrel-macos-x86_64 | 1.0.0 | 98.00 | NOTE | |||
r-oldrel-windows-x86_64 | 1.0.0 | 15.00 | 133.00 | 148.00 | NOTE |
Version: 1.0.0
Check: LazyData
Result: NOTE
'LazyData' is specified without a 'data' directory
Flavors: r-devel-linux-x86_64-debian-clang, r-devel-linux-x86_64-debian-gcc, r-devel-linux-x86_64-fedora-clang, r-devel-linux-x86_64-fedora-gcc, r-devel-windows-x86_64, r-patched-linux-x86_64, r-release-linux-x86_64, r-release-macos-arm64, r-release-macos-x86_64, r-release-windows-x86_64, r-oldrel-macos-arm64, r-oldrel-macos-x86_64, r-oldrel-windows-x86_64
Version: 1.0.0
Check: dependencies in R code
Result: NOTE
Namespace in Imports field not imported from: ‘reshape2’
All declared Imports should be used.
Flavors: r-devel-linux-x86_64-fedora-clang, r-devel-linux-x86_64-fedora-gcc