Last updated on 2024-06-16 11:57:57 CEST.
Flavor | Version | Tinstall | Tcheck | Ttotal | Status | Flags |
---|---|---|---|---|---|---|
r-devel-linux-x86_64-debian-clang | 1.0.2 | 2.40 | 32.07 | 34.47 | NOTE | |
r-devel-linux-x86_64-debian-gcc | 1.0.2 | 2.64 | 24.64 | 27.28 | NOTE | |
r-devel-linux-x86_64-fedora-clang | 1.0.2 | 43.74 | NOTE | |||
r-devel-linux-x86_64-fedora-gcc | 1.0.2 | 41.11 | NOTE | |||
r-devel-windows-x86_64 | 1.0.2 | 4.00 | 45.00 | 49.00 | NOTE | |
r-patched-linux-x86_64 | 1.0.2 | 3.70 | 31.16 | 34.86 | NOTE | |
r-release-linux-x86_64 | 1.0.2 | 3.31 | 30.82 | 34.13 | NOTE | |
r-release-macos-arm64 | 1.0.2 | 19.00 | OK | |||
r-release-macos-x86_64 | 1.0.2 | 25.00 | OK | |||
r-release-windows-x86_64 | 1.0.2 | 4.00 | 54.00 | 58.00 | NOTE | |
r-oldrel-macos-arm64 | 1.0.2 | 21.00 | OK | |||
r-oldrel-macos-x86_64 | 1.0.2 | 38.00 | OK | |||
r-oldrel-windows-x86_64 | 1.0.2 | 4.00 | 49.00 | 53.00 | OK |
Version: 1.0.2
Check: HTML version of manual
Result: NOTE
Found the following HTML validation problems:
summary_greek.html:58:1 (summary_greek.Rd:22): Warning: trimming empty <dt>
Flavors: r-devel-linux-x86_64-debian-clang, r-devel-linux-x86_64-debian-gcc, r-devel-linux-x86_64-fedora-clang, r-devel-linux-x86_64-fedora-gcc, r-devel-windows-x86_64, r-patched-linux-x86_64, r-release-linux-x86_64, r-release-windows-x86_64