Last updated on 2024-06-16 11:57:57 CEST.
Flavor | Version | Tinstall | Tcheck | Ttotal | Status | Flags |
---|---|---|---|---|---|---|
r-devel-linux-x86_64-debian-clang | 1.7-5 | 15.35 | 157.24 | 172.59 | NOTE | |
r-devel-linux-x86_64-debian-gcc | 1.7-5 | 11.58 | 117.92 | 129.50 | NOTE | |
r-devel-linux-x86_64-fedora-clang | 1.7-5 | 216.77 | NOTE | |||
r-devel-linux-x86_64-fedora-gcc | 1.7-5 | 217.30 | NOTE | |||
r-devel-windows-x86_64 | 1.7-5 | 11.00 | 159.00 | 170.00 | NOTE | |
r-patched-linux-x86_64 | 1.7-5 | 14.19 | 154.63 | 168.82 | NOTE | |
r-release-linux-x86_64 | 1.7-5 | 13.36 | 150.06 | 163.42 | NOTE | |
r-release-macos-arm64 | 1.7-5 | 64.00 | NOTE | |||
r-release-macos-x86_64 | 1.7-5 | 111.00 | NOTE | |||
r-release-windows-x86_64 | 1.7-5 | 12.00 | 163.00 | 175.00 | NOTE | |
r-oldrel-macos-arm64 | 1.7-5 | 69.00 | OK | |||
r-oldrel-macos-x86_64 | 1.7-5 | 116.00 | OK | |||
r-oldrel-windows-x86_64 | 1.7-5 | 19.00 | 181.00 | 200.00 | OK |
Version: 1.7-5
Check: Rd files
Result: NOTE
checkRd: (-1) NEWS.Rd:669: Lost braces; missing escapes or markup?
669 | parameters are rounded so they belong to one of {0, 0.5, 1}. (Simon)
| ^
checkRd: (-1) gradients.Rd:96-99: Lost braces in \itemize; meant \describe ?
checkRd: (-1) gradients.Rd:100-103: Lost braces in \itemize; meant \describe ?
checkRd: (-1) gradients.Rd:104-107: Lost braces in \itemize; meant \describe ?
Flavors: r-devel-linux-x86_64-debian-clang, r-devel-linux-x86_64-debian-gcc, r-devel-linux-x86_64-fedora-clang, r-devel-linux-x86_64-fedora-gcc, r-devel-windows-x86_64, r-patched-linux-x86_64, r-release-linux-x86_64, r-release-macos-arm64, r-release-macos-x86_64, r-release-windows-x86_64