Last updated on 2024-06-30 00:59:15 CEST.
Flavor | Version | Tinstall | Tcheck | Ttotal | Status | Flags |
---|---|---|---|---|---|---|
r-devel-linux-x86_64-debian-clang | 1.3.2 | 20.12 | 93.25 | 113.37 | OK | |
r-devel-linux-x86_64-debian-gcc | 1.3.2 | 13.03 | 69.49 | 82.52 | OK | |
r-devel-linux-x86_64-fedora-clang | 1.3.2 | 143.58 | NOTE | |||
r-devel-linux-x86_64-fedora-gcc | 1.3.2 | 135.94 | OK | |||
r-devel-windows-x86_64 | 1.3.2 | 19.00 | 98.00 | 117.00 | OK | |
r-patched-linux-x86_64 | 1.3.2 | 14.00 | 88.50 | 102.50 | OK | |
r-release-linux-x86_64 | 1.3.2 | 16.93 | 89.18 | 106.11 | OK | |
r-release-macos-arm64 | 1.3.2 | 48.00 | OK | |||
r-release-macos-x86_64 | 1.3.2 | 65.00 | OK | |||
r-release-windows-x86_64 | 1.3.2 | 20.00 | 101.00 | 121.00 | OK | |
r-oldrel-macos-arm64 | 1.3.2 | 55.00 | OK | |||
r-oldrel-macos-x86_64 | 1.3.2 | 128.00 | OK | |||
r-oldrel-windows-x86_64 | 1.3.2 | 23.00 | 116.00 | 139.00 | OK |
Version: 1.3.2
Check: installed package size
Result: NOTE
installed size is 5.4Mb
sub-directories of 1Mb or more:
libs 5.0Mb
Flavor: r-devel-linux-x86_64-fedora-clang