Last updated on 2024-06-30 00:59:15 CEST.
Flavor | Version | Tinstall | Tcheck | Ttotal | Status | Flags |
---|---|---|---|---|---|---|
r-devel-linux-x86_64-debian-clang | 0.1.2 | 89.22 | 127.00 | 216.22 | OK | |
r-devel-linux-x86_64-debian-gcc | 0.1.2 | 56.97 | 96.56 | 153.53 | OK | |
r-devel-linux-x86_64-fedora-clang | 0.1.2 | 299.71 | NOTE | |||
r-devel-linux-x86_64-fedora-gcc | 0.1.2 | 307.41 | OK | |||
r-devel-windows-x86_64 | 0.1.2 | 63.00 | 141.00 | 204.00 | NOTE | |
r-patched-linux-x86_64 | 0.1.2 | 77.24 | 122.98 | 200.22 | OK | |
r-release-linux-x86_64 | 0.1.2 | 72.30 | 123.75 | 196.05 | OK | |
r-release-macos-arm64 | 0.1.2 | 70.00 | NOTE | |||
r-release-macos-x86_64 | 0.1.2 | 97.00 | NOTE | |||
r-release-windows-x86_64 | 0.1.2 | 68.00 | 142.00 | 210.00 | NOTE | |
r-oldrel-macos-arm64 | 0.1.2 | 77.00 | NOTE | |||
r-oldrel-macos-x86_64 | 0.1.2 | 166.00 | NOTE | |||
r-oldrel-windows-x86_64 | 0.1.2 | 61.00 | 164.00 | 225.00 | NOTE |
Version: 0.1.2
Check: installed package size
Result: NOTE
installed size is 5.1Mb
sub-directories of 1Mb or more:
doc 4.1Mb
Flavors: r-devel-linux-x86_64-fedora-clang, r-devel-windows-x86_64, r-release-macos-arm64, r-release-macos-x86_64, r-release-windows-x86_64, r-oldrel-macos-arm64, r-oldrel-macos-x86_64, r-oldrel-windows-x86_64