Last updated on 2024-06-30 00:59:15 CEST.
Flavor | Version | Tinstall | Tcheck | Ttotal | Status | Flags |
---|---|---|---|---|---|---|
r-devel-linux-x86_64-debian-clang | 0.3.0 | 21.55 | 34.52 | 56.07 | OK | |
r-devel-linux-x86_64-debian-gcc | 0.3.0 | 19.46 | 27.36 | 46.82 | OK | |
r-devel-linux-x86_64-fedora-clang | 0.3.0 | 77.74 | NOTE | |||
r-devel-linux-x86_64-fedora-gcc | 0.3.0 | 74.70 | NOTE | |||
r-devel-windows-x86_64 | 0.3.0 | 21.00 | 49.00 | 70.00 | OK | |
r-patched-linux-x86_64 | 0.3.0 | 18.87 | 34.09 | 52.96 | OK | |
r-release-linux-x86_64 | 0.3.0 | 22.21 | 34.95 | 57.16 | OK | |
r-release-macos-arm64 | 0.3.0 | 33.00 | OK | |||
r-release-macos-x86_64 | 0.3.0 | 44.00 | OK | |||
r-release-windows-x86_64 | 0.3.0 | 20.00 | 48.00 | 68.00 | OK | |
r-oldrel-macos-arm64 | 0.3.0 | 36.00 | OK | |||
r-oldrel-macos-x86_64 | 0.3.0 | 53.00 | OK | |||
r-oldrel-windows-x86_64 | 0.3.0 | 20.00 | 51.00 | 71.00 | OK |
Version: 0.3.0
Check: data for non-ASCII characters
Result: NOTE
Note: found 42384 marked UTF-8 strings
Flavors: r-devel-linux-x86_64-fedora-clang, r-devel-linux-x86_64-fedora-gcc