Last updated on 2024-06-16 11:57:57 CEST.
Flavor | Version | Tinstall | Tcheck | Ttotal | Status | Flags |
---|---|---|---|---|---|---|
r-devel-linux-x86_64-debian-clang | 0.1.2 | 9.80 | 105.29 | 115.09 | WARN | |
r-devel-linux-x86_64-debian-gcc | 0.1.2 | 6.76 | 74.33 | 81.09 | OK | |
r-devel-linux-x86_64-fedora-clang | 0.1.2 | 136.00 | OK | |||
r-devel-linux-x86_64-fedora-gcc | 0.1.2 | 142.73 | OK | |||
r-devel-windows-x86_64 | 0.1.2 | 10.00 | 94.00 | 104.00 | OK | |
r-patched-linux-x86_64 | 0.1.2 | 10.39 | 99.69 | 110.08 | OK | |
r-release-linux-x86_64 | 0.1.2 | 9.75 | 97.62 | 107.37 | OK | |
r-release-macos-arm64 | 0.1.2 | 42.00 | OK | |||
r-release-macos-x86_64 | 0.1.2 | 82.00 | OK | |||
r-release-windows-x86_64 | 0.1.2 | 10.00 | 96.00 | 106.00 | OK | |
r-oldrel-macos-arm64 | 0.1.2 | 43.00 | OK | |||
r-oldrel-macos-x86_64 | 0.1.2 | 66.00 | OK | |||
r-oldrel-windows-x86_64 | 0.1.2 | 12.00 | 108.00 | 120.00 | OK |
Version: 0.1.2
Check: whether startup messages can be suppressed
Result: NOTE
Fortran STOP
IEEE arithmetic exceptions signaled: INEXACT
It looks like this package (or a package it requires) has a startup
message which cannot be suppressed: see ?packageStartupMessage.
Flavor: r-devel-linux-x86_64-debian-clang
Version: 0.1.2
Check: dependencies in R code
Result: NOTE
Fortran STOP
IEEE arithmetic exceptions signaled: INEXACT
Flavor: r-devel-linux-x86_64-debian-clang
Version: 0.1.2
Check: S3 generic/method consistency
Result: WARN
Fortran STOP
IEEE arithmetic exceptions signaled: INEXACT
See section ‘Generic functions and methods’ in the ‘Writing R
Extensions’ manual.
Flavor: r-devel-linux-x86_64-debian-clang
Version: 0.1.2
Check: replacement functions
Result: WARN
Fortran STOP
IEEE arithmetic exceptions signaled: INEXACT
The argument of a replacement function which corresponds to the right
hand side must be named ‘value’.
Flavor: r-devel-linux-x86_64-debian-clang
Version: 0.1.2
Check: foreign function calls
Result: NOTE
Fortran STOP
IEEE arithmetic exceptions signaled: INEXACT
See chapter ‘System and foreign language interfaces’ in the ‘Writing R
Extensions’ manual.
Flavor: r-devel-linux-x86_64-debian-clang
Version: 0.1.2
Check: R code for possible problems
Result: NOTE
Fortran STOP
IEEE arithmetic exceptions signaled: INEXACT
Fortran STOP
IEEE arithmetic exceptions signaled: INEXACT
Fortran STOP
IEEE arithmetic exceptions signaled: INEXACT
Flavor: r-devel-linux-x86_64-debian-clang
Version: 0.1.2
Check: for missing documentation entries
Result: WARN
Fortran STOP
IEEE arithmetic exceptions signaled: INEXACT
All user-level objects in a package should have documentation entries.
See chapter ‘Writing R documentation files’ in the ‘Writing R
Extensions’ manual.
Flavor: r-devel-linux-x86_64-debian-clang
Version: 0.1.2
Check: for code/documentation mismatches
Result: WARN
Fortran STOP
IEEE arithmetic exceptions signaled: INEXACT
Fortran STOP
IEEE arithmetic exceptions signaled: INEXACT
Fortran STOP
IEEE arithmetic exceptions signaled: INEXACT
Flavor: r-devel-linux-x86_64-debian-clang
Version: 0.1.2
Check: Rd \usage sections
Result: NOTE
Fortran STOP
IEEE arithmetic exceptions signaled: INEXACT
The \usage entries for S3 methods should use the \method markup and not
their full name.
See chapter ‘Writing R documentation files’ in the ‘Writing R
Extensions’ manual.
Flavor: r-devel-linux-x86_64-debian-clang