Last updated on 2025-04-29 12:52:38 CEST.
Flavor | Version | Tinstall | Tcheck | Ttotal | Status | Flags |
---|---|---|---|---|---|---|
r-devel-linux-x86_64-debian-clang | 1.1.1 | 4.14 | 597.94 | 602.08 | NOTE | |
r-devel-linux-x86_64-debian-gcc | 1.1.1 | 3.03 | 366.85 | 369.88 | NOTE | |
r-devel-linux-x86_64-fedora-clang | 1.1.1 | 980.08 | OK | |||
r-devel-linux-x86_64-fedora-gcc | 1.1.1 | 952.49 | OK | |||
r-devel-windows-x86_64 | 1.1.1 | 6.00 | 801.00 | 807.00 | OK | |
r-patched-linux-x86_64 | 1.1.1 | 4.34 | 567.96 | 572.30 | OK | |
r-release-linux-x86_64 | 1.1.1 | 3.84 | 570.21 | 574.05 | OK | |
r-release-macos-arm64 | 1.1.1 | 180.00 | OK | |||
r-release-macos-x86_64 | 1.1.1 | 279.00 | OK | |||
r-release-windows-x86_64 | 1.1.1 | 7.00 | 785.00 | 792.00 | OK | |
r-oldrel-macos-arm64 | 1.1.1 | 191.00 | OK | |||
r-oldrel-macos-x86_64 | 1.1.1 | 365.00 | OK | |||
r-oldrel-windows-x86_64 | 1.1.1 | 6.00 | 1111.00 | 1117.00 | OK |
Version: 1.1.1
Check: examples
Result: NOTE
Examples with CPU (user + system) or elapsed time > 5s
user system elapsed
get_distances 4.977 2.910 9.636
compare_writer_profiles 4.116 0.171 5.444
Flavor: r-devel-linux-x86_64-debian-clang
Version: 1.1.1
Check: examples
Result: NOTE
Examples with CPU (user + system) or elapsed time > 5s
user system elapsed
get_distances 4.602 0.829 6.205
Flavor: r-devel-linux-x86_64-debian-gcc