Last updated on 2024-06-30 00:59:15 CEST.
Flavor | Version | Tinstall | Tcheck | Ttotal | Status | Flags |
---|---|---|---|---|---|---|
r-devel-linux-x86_64-debian-clang | 3.4 | 8.38 | 53.99 | 62.37 | OK | |
r-devel-linux-x86_64-debian-gcc | 3.4 | 5.27 | 37.54 | 42.81 | OK | |
r-devel-linux-x86_64-fedora-clang | 3.4 | 75.59 | OK | |||
r-devel-linux-x86_64-fedora-gcc | 3.4 | 68.66 | OK | |||
r-devel-windows-x86_64 | 3.4 | 11.00 | 64.00 | 75.00 | NOTE | |
r-patched-linux-x86_64 | 3.4 | 5.92 | 49.81 | 55.73 | OK | |
r-release-linux-x86_64 | 3.4 | 6.68 | 52.27 | 58.95 | OK | |
r-release-macos-arm64 | 3.4 | 26.00 | OK | |||
r-release-macos-x86_64 | 3.4 | 37.00 | OK | |||
r-release-windows-x86_64 | 3.4 | 11.00 | 67.00 | 78.00 | NOTE | |
r-oldrel-macos-arm64 | 3.4 | 26.00 | OK | |||
r-oldrel-macos-x86_64 | 3.4 | 37.00 | OK | |||
r-oldrel-windows-x86_64 | 3.4 | 12.00 | 74.00 | 86.00 | NOTE |
Version: 3.4
Check: C++ specification
Result: NOTE
Specified C++11: please drop specification unless essential
Flavors: r-devel-windows-x86_64, r-release-windows-x86_64, r-oldrel-windows-x86_64