Last updated on 2024-06-30 00:59:15 CEST.
Flavor | Version | Tinstall | Tcheck | Ttotal | Status | Flags |
---|---|---|---|---|---|---|
r-devel-linux-x86_64-debian-clang | 1.28.3 | 10.20 | 81.93 | 92.13 | OK | |
r-devel-linux-x86_64-debian-gcc | 1.28.3 | 9.20 | 58.58 | 67.78 | OK | |
r-devel-linux-x86_64-fedora-clang | 1.28.3 | 113.61 | OK | |||
r-devel-linux-x86_64-fedora-gcc | 1.28.3 | 127.43 | OK | |||
r-devel-windows-x86_64 | 1.28.3 | 12.00 | 93.00 | 105.00 | OK | |
r-patched-linux-x86_64 | 1.28.3 | 10.06 | 75.33 | 85.39 | OK | |
r-release-linux-x86_64 | 1.28.3 | 9.89 | 77.19 | 87.08 | OK | |
r-release-macos-arm64 | 1.28.3 | 43.00 | OK | |||
r-release-macos-x86_64 | 1.28.3 | 66.00 | OK | |||
r-release-windows-x86_64 | 1.28.3 | 14.00 | 92.00 | 106.00 | OK | |
r-oldrel-macos-arm64 | 1.28.3 | 44.00 | OK | |||
r-oldrel-macos-x86_64 | 1.28.3 | 60.00 | NOTE | |||
r-oldrel-windows-x86_64 | 1.28.3 | 16.00 | 101.00 | 117.00 | OK |
Version: 1.28.3
Check: package dependencies
Result: NOTE
Packages suggested but not available for checking:
'marray', 'affy', 'Biobase', 'limma'
Flavor: r-oldrel-macos-x86_64
Version: 1.28.3
Check: Rd cross-references
Result: NOTE
Package unavailable to check Rd xrefs: ‘limma’
Flavor: r-oldrel-macos-x86_64
Version: 1.28.3
Check: re-building of vignette outputs
Result: NOTE
Note: skipping ‘hexagon_binning.Rnw’ due to unavailable dependencies:
'marray'
Flavor: r-oldrel-macos-x86_64