Last updated on 2024-06-16 11:57:57 CEST.
Flavor | Version | Tinstall | Tcheck | Ttotal | Status | Flags |
---|---|---|---|---|---|---|
r-devel-linux-x86_64-debian-clang | 1.0-1 | 6.26 | 41.25 | 47.51 | NOTE | |
r-devel-linux-x86_64-debian-gcc | 1.0-1 | 4.62 | 31.14 | 35.76 | NOTE | |
r-devel-linux-x86_64-fedora-clang | 1.0-1 | 57.97 | NOTE | |||
r-devel-linux-x86_64-fedora-gcc | 1.0-1 | 54.96 | NOTE | |||
r-devel-windows-x86_64 | 1.0-1 | 5.00 | 51.00 | 56.00 | NOTE | |
r-patched-linux-x86_64 | 1.0-1 | 6.12 | 38.37 | 44.49 | NOTE | |
r-release-linux-x86_64 | 1.0-1 | 6.87 | 38.59 | 45.46 | NOTE | |
r-release-macos-arm64 | 1.0-1 | 24.00 | NOTE | |||
r-release-macos-x86_64 | 1.0-1 | 32.00 | NOTE | |||
r-release-windows-x86_64 | 1.0-1 | 6.00 | 52.00 | 58.00 | NOTE | |
r-oldrel-macos-arm64 | 1.0-1 | 23.00 | NOTE | |||
r-oldrel-macos-x86_64 | 1.0-1 | 44.00 | NOTE | |||
r-oldrel-windows-x86_64 | 1.0-1 | 7.00 | 57.00 | 64.00 | NOTE |
Version: 1.0-1
Check: Rd files
Result: NOTE
checkRd: (-1) ohio.Rd:104: Escaped LaTeX specials: \&
checkRd: (-1) ohio.Rd:105: Escaped LaTeX specials: \&
Flavors: r-devel-linux-x86_64-debian-clang, r-devel-linux-x86_64-debian-gcc, r-devel-linux-x86_64-fedora-clang, r-devel-linux-x86_64-fedora-gcc, r-devel-windows-x86_64, r-patched-linux-x86_64, r-release-linux-x86_64, r-release-macos-arm64, r-release-macos-x86_64, r-release-windows-x86_64, r-oldrel-macos-arm64, r-oldrel-macos-x86_64, r-oldrel-windows-x86_64