Last updated on 2024-06-30 00:59:15 CEST.
Flavor | Version | Tinstall | Tcheck | Ttotal | Status | Flags |
---|---|---|---|---|---|---|
r-devel-linux-x86_64-debian-clang | 0.3-0 | 40.96 | 37.99 | 78.95 | OK | |
r-devel-linux-x86_64-debian-gcc | 0.3-0 | 27.37 | 28.71 | 56.08 | OK | |
r-devel-linux-x86_64-fedora-clang | 0.3-0 | 103.65 | NOTE | |||
r-devel-linux-x86_64-fedora-gcc | 0.3-0 | 109.13 | OK | |||
r-devel-windows-x86_64 | 0.3-0 | 30.00 | 71.00 | 101.00 | OK | |
r-patched-linux-x86_64 | 0.3-0 | 36.22 | 36.27 | 72.49 | OK | |
r-release-linux-x86_64 | 0.3-0 | 34.81 | 36.64 | 71.45 | OK | |
r-release-macos-arm64 | 0.3-0 | 34.00 | OK | |||
r-release-macos-x86_64 | 0.3-0 | 42.00 | NOTE | |||
r-release-windows-x86_64 | 0.3-0 | 31.00 | 73.00 | 104.00 | OK | |
r-oldrel-macos-arm64 | 0.3-0 | 37.00 | NOTE | |||
r-oldrel-macos-x86_64 | 0.3-0 | 73.00 | NOTE | |||
r-oldrel-windows-x86_64 | 0.3-0 | 38.00 | 83.00 | 121.00 | OK |
Version: 0.3-0
Check: Rd cross-references
Result: NOTE
Undeclared package ‘lme4’ in Rd xrefs
Flavor: r-devel-linux-x86_64-fedora-clang
Version: 0.3-0
Check: installed package size
Result: NOTE
installed size is 5.3Mb
sub-directories of 1Mb or more:
libs 4.5Mb
Flavors: r-release-macos-x86_64, r-oldrel-macos-arm64, r-oldrel-macos-x86_64