Last updated on 2024-06-30 00:59:15 CEST.
Flavor | Version | Tinstall | Tcheck | Ttotal | Status | Flags |
---|---|---|---|---|---|---|
r-devel-linux-x86_64-debian-clang | 0.5.1 | 4.89 | 80.86 | 85.75 | OK | |
r-devel-linux-x86_64-debian-gcc | 0.5.1 | 2.62 | 61.25 | 63.87 | OK | |
r-devel-linux-x86_64-fedora-clang | 0.5.1 | 107.68 | NOTE | |||
r-devel-linux-x86_64-fedora-gcc | 0.5.1 | 113.80 | NOTE | |||
r-devel-windows-x86_64 | 0.5.1 | 4.00 | 91.00 | 95.00 | OK | |
r-patched-linux-x86_64 | 0.5.1 | 7.61 | 79.69 | 87.30 | OK | |
r-release-linux-x86_64 | 0.5.1 | 4.44 | 80.78 | 85.22 | OK | |
r-release-macos-arm64 | 0.5.1 | 98.00 | OK | |||
r-release-macos-x86_64 | 0.5.1 | 133.00 | OK | |||
r-release-windows-x86_64 | 0.5.1 | 5.00 | 91.00 | 96.00 | OK | |
r-oldrel-macos-arm64 | 0.5.1 | 123.00 | OK | |||
r-oldrel-macos-x86_64 | 0.5.1 | 201.00 | OK | |||
r-oldrel-windows-x86_64 | 0.5.1 | 5.00 | 105.00 | 110.00 | OK |
Version: 0.5.1
Check: data for non-ASCII characters
Result: NOTE
Note: found 52 marked UTF-8 strings
Flavors: r-devel-linux-x86_64-fedora-clang, r-devel-linux-x86_64-fedora-gcc