Last updated on 2024-06-30 00:59:16 CEST.
Flavor | Version | Tinstall | Tcheck | Ttotal | Status | Flags |
---|---|---|---|---|---|---|
r-devel-linux-x86_64-debian-clang | 1.0-0 | 4.82 | 61.63 | 66.45 | NOTE | |
r-devel-linux-x86_64-debian-gcc | 1.0-0 | 3.87 | 44.99 | 48.86 | NOTE | |
r-devel-linux-x86_64-fedora-clang | 1.0-0 | 79.52 | NOTE | |||
r-devel-linux-x86_64-fedora-gcc | 1.0-0 | 75.17 | NOTE | |||
r-devel-windows-x86_64 | 1.0-0 | 6.00 | 69.00 | 75.00 | NOTE | |
r-patched-linux-x86_64 | 1.0-0 | 4.92 | 57.84 | 62.76 | NOTE | |
r-release-linux-x86_64 | 1.0-0 | 4.99 | 58.53 | 63.52 | NOTE | |
r-release-macos-arm64 | 1.0-0 | 26.00 | NOTE | |||
r-release-macos-x86_64 | 1.0-0 | 43.00 | NOTE | |||
r-release-windows-x86_64 | 1.0-0 | 5.00 | 70.00 | 75.00 | NOTE | |
r-oldrel-macos-arm64 | 1.0-0 | 29.00 | NOTE | |||
r-oldrel-macos-x86_64 | 1.0-0 | 44.00 | NOTE | |||
r-oldrel-windows-x86_64 | 1.0-0 | 6.00 | 79.00 | 85.00 | NOTE |
Version: 1.0-0
Check: Rd files
Result: NOTE
checkRd: (-1) disc42.Rd:28: Escaped LaTeX specials: \&
checkRd: (-1) discrimination.Rd:31: Escaped LaTeX specials: \&
Flavors: r-devel-linux-x86_64-debian-clang, r-devel-linux-x86_64-debian-gcc, r-devel-linux-x86_64-fedora-clang, r-devel-linux-x86_64-fedora-gcc, r-devel-windows-x86_64, r-patched-linux-x86_64, r-release-linux-x86_64, r-release-macos-arm64, r-release-macos-x86_64, r-release-windows-x86_64, r-oldrel-macos-arm64, r-oldrel-macos-x86_64, r-oldrel-windows-x86_64