Last updated on 2024-06-30 00:59:16 CEST.
Flavor | Version | Tinstall | Tcheck | Ttotal | Status | Flags |
---|---|---|---|---|---|---|
r-devel-linux-x86_64-debian-clang | 1.1.2 | 110.13 | 120.47 | 230.60 | OK | |
r-devel-linux-x86_64-debian-gcc | 1.1.2 | 70.45 | 142.95 | 213.40 | OK | |
r-devel-linux-x86_64-fedora-clang | 1.1.2 | 403.38 | NOTE | |||
r-devel-linux-x86_64-fedora-gcc | 1.1.2 | 408.86 | OK | |||
r-devel-windows-x86_64 | 1.1.2 | 79.00 | 187.00 | 266.00 | NOTE | |
r-patched-linux-x86_64 | 1.1.2 | 82.39 | 118.01 | 200.40 | OK | |
r-release-linux-x86_64 | 1.1.2 | 63.10 | 115.87 | 178.97 | OK | |
r-release-macos-arm64 | 1.1.2 | 123.00 | NOTE | |||
r-release-macos-x86_64 | 1.1.2 | 164.00 | NOTE | |||
r-release-windows-x86_64 | 1.1.2 | 82.00 | 185.00 | 267.00 | NOTE | |
r-oldrel-macos-arm64 | 1.1.2 | 122.00 | NOTE | |||
r-oldrel-macos-x86_64 | 1.1.2 | 179.00 | NOTE | |||
r-oldrel-windows-x86_64 | 1.1.2 | 102.00 | 223.00 | 325.00 | NOTE |
Version: 1.1.2
Check: installed package size
Result: NOTE
installed size is 6.5Mb
sub-directories of 1Mb or more:
extdata 5.5Mb
Flavors: r-devel-linux-x86_64-fedora-clang, r-devel-windows-x86_64, r-release-macos-arm64, r-release-macos-x86_64, r-release-windows-x86_64, r-oldrel-macos-arm64, r-oldrel-macos-x86_64, r-oldrel-windows-x86_64