Last updated on 2024-06-30 00:59:16 CEST.
Flavor | Version | Tinstall | Tcheck | Ttotal | Status | Flags |
---|---|---|---|---|---|---|
r-devel-linux-x86_64-debian-clang | 0.8.5 | 3.80 | 38.43 | 42.23 | OK | |
r-devel-linux-x86_64-debian-gcc | 0.8.5 | 2.86 | 42.17 | 45.03 | OK | |
r-devel-linux-x86_64-fedora-clang | 0.8.5 | 78.04 | NOTE | |||
r-devel-linux-x86_64-fedora-gcc | 0.8.5 | 86.93 | NOTE | |||
r-devel-windows-x86_64 | 0.8.5 | 3.00 | 66.00 | 69.00 | OK | |
r-patched-linux-x86_64 | 0.8.5 | 3.14 | 36.58 | 39.72 | OK | |
r-release-linux-x86_64 | 0.8.5 | 2.65 | 35.63 | 38.28 | OK | |
r-release-macos-arm64 | 0.8.5 | 28.00 | OK | |||
r-release-macos-x86_64 | 0.8.5 | 46.00 | OK | |||
r-release-windows-x86_64 | 0.8.5 | 4.00 | 67.00 | 71.00 | OK | |
r-oldrel-macos-arm64 | 0.8.5 | 34.00 | NOTE | |||
r-oldrel-macos-x86_64 | 0.8.5 | 84.00 | NOTE | |||
r-oldrel-windows-x86_64 | 0.8.5 | 4.00 | 72.00 | 76.00 | OK |
Version: 0.8.5
Check: package dependencies
Result: NOTE
Package suggested but not available for checking: ‘flowCore’
Flavors: r-devel-linux-x86_64-fedora-clang, r-devel-linux-x86_64-fedora-gcc, r-oldrel-macos-arm64, r-oldrel-macos-x86_64