Last updated on 2024-06-16 11:57:58 CEST.
Flavor | Version | Tinstall | Tcheck | Ttotal | Status | Flags |
---|---|---|---|---|---|---|
r-devel-linux-x86_64-debian-clang | 1.7 | 10.07 | 64.03 | 74.10 | OK | |
r-devel-linux-x86_64-debian-gcc | 1.7 | 6.58 | 49.34 | 55.92 | OK | |
r-devel-linux-x86_64-fedora-clang | 1.7 | 92.20 | NOTE | |||
r-devel-linux-x86_64-fedora-gcc | 1.7 | 86.50 | NOTE | |||
r-devel-windows-x86_64 | 1.7 | 8.00 | 67.00 | 75.00 | OK | |
r-patched-linux-x86_64 | 1.7 | 8.60 | 61.79 | 70.39 | OK | |
r-release-linux-x86_64 | 1.7 | 5.34 | 63.67 | 69.01 | OK | |
r-release-macos-arm64 | 1.7 | 31.00 | OK | |||
r-release-macos-x86_64 | 1.7 | 44.00 | OK | |||
r-release-windows-x86_64 | 1.7 | 9.00 | 68.00 | 77.00 | OK | |
r-oldrel-macos-arm64 | 1.7 | 37.00 | OK | |||
r-oldrel-macos-x86_64 | 1.7 | 72.00 | OK | |||
r-oldrel-windows-x86_64 | 1.7 | 13.00 | 81.00 | 94.00 | OK |
Version: 1.7
Check: dependencies in R code
Result: NOTE
Namespace in Imports field not imported from: ‘readr’
All declared Imports should be used.
Flavors: r-devel-linux-x86_64-fedora-clang, r-devel-linux-x86_64-fedora-gcc