Last updated on 2024-06-30 00:59:16 CEST.
Flavor | Version | Tinstall | Tcheck | Ttotal | Status | Flags |
---|---|---|---|---|---|---|
r-devel-linux-x86_64-debian-clang | 0.1.0 | 4.86 | 37.18 | 42.04 | OK | |
r-devel-linux-x86_64-debian-gcc | 0.1.0 | 3.84 | 28.49 | 32.33 | OK | |
r-devel-linux-x86_64-fedora-clang | 0.1.0 | 55.27 | OK | |||
r-devel-linux-x86_64-fedora-gcc | 0.1.0 | 63.24 | OK | |||
r-devel-windows-x86_64 | 0.1.0 | 5.00 | 55.00 | 60.00 | OK | |
r-patched-linux-x86_64 | 0.1.0 | 4.70 | 35.42 | 40.12 | OK | |
r-release-linux-x86_64 | 0.1.0 | 5.37 | 35.89 | 41.26 | OK | |
r-release-macos-arm64 | 0.1.0 | 26.00 | OK | |||
r-release-macos-x86_64 | 0.1.0 | 39.00 | NOTE | |||
r-release-windows-x86_64 | 0.1.0 | 5.00 | 47.00 | 52.00 | OK | |
r-oldrel-macos-arm64 | 0.1.0 | 27.00 | OK | |||
r-oldrel-macos-x86_64 | 0.1.0 | 41.00 | NOTE | |||
r-oldrel-windows-x86_64 | 0.1.0 | 6.00 | 51.00 | 57.00 | OK |
Version: 0.1.0
Check: installed package size
Result: NOTE
installed size is 5.0Mb
sub-directories of 1Mb or more:
data 4.4Mb
Flavors: r-release-macos-x86_64, r-oldrel-macos-x86_64