Last updated on 2024-06-16 11:57:58 CEST.
Flavor | Version | Tinstall | Tcheck | Ttotal | Status | Flags |
---|---|---|---|---|---|---|
r-devel-linux-x86_64-debian-clang | 1.0 | 53.94 | 30.95 | 84.89 | NOTE | |
r-devel-linux-x86_64-debian-gcc | 1.0 | 53.41 | 24.95 | 78.36 | NOTE | |
r-devel-linux-x86_64-fedora-clang | 1.0 | 126.89 | NOTE | |||
r-devel-linux-x86_64-fedora-gcc | 1.0 | 124.90 | NOTE | |||
r-devel-windows-x86_64 | 1.0 | 56.00 | 46.00 | 102.00 | NOTE | |
r-patched-linux-x86_64 | 1.0 | 56.59 | 29.76 | 86.35 | NOTE | |
r-release-linux-x86_64 | 1.0 | 55.43 | 29.51 | 84.94 | NOTE | |
r-release-macos-arm64 | 1.0 | 52.00 | NOTE | |||
r-release-macos-x86_64 | 1.0 | 75.00 | NOTE | |||
r-release-windows-x86_64 | 1.0 | 55.00 | 49.00 | 104.00 | NOTE | |
r-oldrel-macos-arm64 | 1.0 | 58.00 | NOTE | |||
r-oldrel-macos-x86_64 | 1.0 | 84.00 | NOTE | |||
r-oldrel-windows-x86_64 | 1.0 | 56.00 | 52.00 | 108.00 | NOTE |
Version: 1.0
Check: package dependencies
Result: NOTE
Package suggested but not available for checking: ‘icd’
Flavors: r-devel-linux-x86_64-debian-clang, r-devel-linux-x86_64-debian-gcc, r-devel-linux-x86_64-fedora-clang, r-devel-linux-x86_64-fedora-gcc, r-devel-windows-x86_64, r-patched-linux-x86_64, r-release-linux-x86_64, r-release-macos-arm64, r-release-macos-x86_64, r-release-windows-x86_64, r-oldrel-macos-arm64, r-oldrel-macos-x86_64, r-oldrel-windows-x86_64
Version: 1.0
Check: data for non-ASCII characters
Result: NOTE
Note: found 55 marked UTF-8 strings
Flavors: r-devel-linux-x86_64-fedora-clang, r-devel-linux-x86_64-fedora-gcc
Version: 1.0
Check: installed package size
Result: NOTE
installed size is 5.8Mb
sub-directories of 1Mb or more:
data 5.6Mb
Flavors: r-release-macos-arm64, r-release-macos-x86_64, r-oldrel-macos-arm64, r-oldrel-macos-x86_64