Last updated on 2024-06-16 11:57:58 CEST.
Flavor | Version | Tinstall | Tcheck | Ttotal | Status | Flags |
---|---|---|---|---|---|---|
r-devel-linux-x86_64-debian-clang | 1.5 | 10.48 | 84.63 | 95.11 | NOTE | |
r-devel-linux-x86_64-debian-gcc | 1.5 | 7.03 | 64.51 | 71.54 | NOTE | |
r-devel-linux-x86_64-fedora-clang | 1.5 | 118.20 | NOTE | |||
r-devel-linux-x86_64-fedora-gcc | 1.5 | 112.53 | NOTE | |||
r-devel-windows-x86_64 | 1.5 | 8.00 | 82.00 | 90.00 | OK | |
r-patched-linux-x86_64 | 1.5 | 9.18 | 80.91 | 90.09 | NOTE | |
r-release-linux-x86_64 | 1.5 | 7.35 | 80.31 | 87.66 | NOTE | |
r-release-macos-arm64 | 1.5 | 35.00 | NOTE | |||
r-release-macos-x86_64 | 1.5 | 54.00 | NOTE | |||
r-release-windows-x86_64 | 1.5 | 8.00 | 90.00 | 98.00 | OK | |
r-oldrel-macos-arm64 | 1.5 | 43.00 | NOTE | |||
r-oldrel-macos-x86_64 | 1.5 | 75.00 | NOTE | |||
r-oldrel-windows-x86_64 | 1.5 | 11.00 | 101.00 | 112.00 | OK |
Version: 1.5
Check: package dependencies
Result: NOTE
Package suggested but not available for checking: ‘frailtypack’
Flavors: r-devel-linux-x86_64-debian-clang, r-devel-linux-x86_64-debian-gcc, r-devel-linux-x86_64-fedora-clang, r-devel-linux-x86_64-fedora-gcc, r-patched-linux-x86_64, r-release-linux-x86_64
Version: 1.5
Check: package dependencies
Result: NOTE
Package suggested but not available for checking: ‘mixAK’
Flavors: r-release-macos-arm64, r-oldrel-macos-arm64, r-oldrel-macos-x86_64
Version: 1.5
Check: package dependencies
Result: NOTE
Packages suggested but not available for checking: 'mixAK', 'frailtypack'
Flavor: r-release-macos-x86_64