Last updated on 2024-06-30 00:59:16 CEST.
Flavor | Version | Tinstall | Tcheck | Ttotal | Status | Flags |
---|---|---|---|---|---|---|
r-devel-linux-x86_64-debian-clang | 1.5.3 | 12.93 | 128.11 | 141.04 | NOTE | |
r-devel-linux-x86_64-debian-gcc | 1.5.3 | 8.38 | 96.22 | 104.60 | NOTE | |
r-devel-linux-x86_64-fedora-clang | 1.5.3 | 186.61 | NOTE | |||
r-devel-linux-x86_64-fedora-gcc | 1.5.3 | 186.08 | NOTE | |||
r-devel-windows-x86_64 | 1.5.3 | 14.00 | 118.00 | 132.00 | OK | |
r-patched-linux-x86_64 | 1.5.3 | 12.54 | 124.19 | 136.73 | OK | |
r-release-linux-x86_64 | 1.5.2 | 10.81 | 124.05 | 134.86 | OK | |
r-release-macos-arm64 | 1.5.3 | 66.00 | OK | |||
r-release-macos-x86_64 | 1.5.3 | 161.00 | OK | |||
r-release-windows-x86_64 | 1.5.3 | 10.00 | 134.00 | 144.00 | OK | |
r-oldrel-macos-arm64 | 1.5.3 | 81.00 | OK | |||
r-oldrel-macos-x86_64 | 1.5.3 | 129.00 | OK | |||
r-oldrel-windows-x86_64 | 1.5.3 | 17.00 | 142.00 | 159.00 | OK |
Version: 1.5.3
Check: compiled code
Result: NOTE
File ‘ichimoku/libs/ichimoku.so’:
Found non-API call to R: ‘R_shallow_duplicate_attr’
Compiled code should not call non-API entry points in R.
See ‘Writing portable packages’ in the ‘Writing R Extensions’ manual.
See section ‘Moving into C API compliance’ in the ‘Writing R
Extensions’ manual for issues with use of non-API entry points.
Flavors: r-devel-linux-x86_64-debian-clang, r-devel-linux-x86_64-debian-gcc, r-devel-linux-x86_64-fedora-clang, r-devel-linux-x86_64-fedora-gcc