Last updated on 2024-06-16 11:57:58 CEST.
Flavor | Version | Tinstall | Tcheck | Ttotal | Status | Flags |
---|---|---|---|---|---|---|
r-devel-linux-x86_64-debian-clang | 0.3.3 | 5.74 | 78.24 | 83.98 | OK | |
r-devel-linux-x86_64-debian-gcc | 0.3.3 | 4.91 | 57.70 | 62.61 | OK | |
r-devel-linux-x86_64-fedora-clang | 0.3.3 | 108.41 | NOTE | |||
r-devel-linux-x86_64-fedora-gcc | 0.3.3 | 113.63 | NOTE | |||
r-devel-windows-x86_64 | 0.3.3 | 7.00 | 76.00 | 83.00 | OK | |
r-patched-linux-x86_64 | 0.3.3 | 7.09 | 74.87 | 81.96 | OK | |
r-release-linux-x86_64 | 0.3.3 | 6.29 | 73.53 | 79.82 | OK | |
r-release-macos-arm64 | 0.3.3 | 38.00 | OK | |||
r-release-macos-x86_64 | 0.3.3 | 58.00 | OK | |||
r-release-windows-x86_64 | 0.3.3 | 9.00 | 80.00 | 89.00 | OK | |
r-oldrel-macos-arm64 | 0.3.3 | 40.00 | OK | |||
r-oldrel-macos-x86_64 | 0.3.3 | 59.00 | OK | |||
r-oldrel-windows-x86_64 | 0.3.3 | 11.00 | 89.00 | 100.00 | OK |
Version: 0.3.3
Check: dependencies in R code
Result: NOTE
Namespaces in Imports field not imported from:
‘kableExtra’ ‘knitr’ ‘xtable’
All declared Imports should be used.
Flavors: r-devel-linux-x86_64-fedora-clang, r-devel-linux-x86_64-fedora-gcc