Last updated on 2024-06-30 00:59:16 CEST.
Flavor | Version | Tinstall | Tcheck | Ttotal | Status | Flags |
---|---|---|---|---|---|---|
r-devel-linux-x86_64-debian-clang | 2.3.4 | 7.93 | 67.35 | 75.28 | OK | |
r-devel-linux-x86_64-debian-gcc | 2.3.4 | 7.23 | 50.75 | 57.98 | OK | |
r-devel-linux-x86_64-fedora-clang | 2.3.4 | 98.60 | OK | |||
r-devel-linux-x86_64-fedora-gcc | 2.3.4 | 106.26 | OK | |||
r-devel-windows-x86_64 | 2.3.4 | 31.00 | 86.00 | 117.00 | OK | |
r-patched-linux-x86_64 | 2.3.4 | 7.38 | 65.43 | 72.81 | OK | |
r-release-linux-x86_64 | 2.3.4 | 8.84 | 65.46 | 74.30 | OK | |
r-release-macos-arm64 | 2.3.4 | 46.00 | NOTE | |||
r-release-macos-x86_64 | 2.3.4 | 67.00 | NOTE | |||
r-release-windows-x86_64 | 2.3.4 | 30.00 | 85.00 | 115.00 | OK | |
r-oldrel-macos-arm64 | 2.3.4 | 57.00 | NOTE | |||
r-oldrel-macos-x86_64 | 2.3.4 | 80.00 | NOTE | |||
r-oldrel-windows-x86_64 | 2.3.4 | 37.00 | 92.00 | 129.00 | OK |
Version: 2.3.4
Check: installed package size
Result: NOTE
installed size is 7.1Mb
sub-directories of 1Mb or more:
libs 5.2Mb
Flavors: r-release-macos-arm64, r-release-macos-x86_64, r-oldrel-macos-arm64, r-oldrel-macos-x86_64