Last updated on 2024-06-30 00:59:16 CEST.
Flavor | Version | Tinstall | Tcheck | Ttotal | Status | Flags |
---|---|---|---|---|---|---|
r-devel-linux-x86_64-debian-clang | 0.1-62 | 13.31 | 116.90 | 130.21 | NOTE | |
r-devel-linux-x86_64-debian-gcc | 0.1-62 | 9.67 | 87.53 | 97.20 | NOTE | |
r-devel-linux-x86_64-fedora-clang | 0.1-62 | 175.75 | NOTE | |||
r-devel-linux-x86_64-fedora-gcc | 0.1-62 | 168.05 | NOTE | |||
r-devel-windows-x86_64 | 0.1-62 | 13.00 | 112.00 | 125.00 | NOTE | |
r-patched-linux-x86_64 | 0.1-62 | 21.69 | 113.06 | 134.75 | NOTE | |
r-release-linux-x86_64 | 0.1-62 | 12.01 | 111.93 | 123.94 | NOTE | |
r-release-macos-arm64 | 0.1-62 | 53.00 | NOTE | |||
r-release-macos-x86_64 | 0.1-62 | 75.00 | NOTE | |||
r-release-windows-x86_64 | 0.1-62 | 12.00 | 114.00 | 126.00 | NOTE | |
r-oldrel-macos-arm64 | 0.1-62 | 55.00 | OK | |||
r-oldrel-macos-x86_64 | 0.1-62 | 89.00 | OK | |||
r-oldrel-windows-x86_64 | 0.1-62 | 17.00 | 133.00 | 150.00 | OK |
Version: 0.1-62
Check: Rd files
Result: NOTE
checkRd: (-1) fitSpline.Rd:109: Lost braces
109 | \code{response} and it will have the same order of code{x} as \code{data}.
| ^
Flavors: r-devel-linux-x86_64-debian-clang, r-devel-linux-x86_64-debian-gcc, r-devel-linux-x86_64-fedora-clang, r-devel-linux-x86_64-fedora-gcc, r-devel-windows-x86_64, r-patched-linux-x86_64, r-release-linux-x86_64, r-release-macos-arm64, r-release-macos-x86_64, r-release-windows-x86_64