Last updated on 2024-06-30 00:59:16 CEST.
Flavor | Version | Tinstall | Tcheck | Ttotal | Status | Flags |
---|---|---|---|---|---|---|
r-devel-linux-x86_64-debian-clang | 1.0 | 6.01 | 24.71 | 30.72 | NOTE | |
r-devel-linux-x86_64-debian-gcc | 1.0 | 5.27 | 19.15 | 24.42 | NOTE | |
r-devel-linux-x86_64-fedora-clang | 1.0 | 42.00 | NOTE | |||
r-devel-linux-x86_64-fedora-gcc | 1.0 | 40.29 | NOTE | |||
r-devel-windows-x86_64 | 1.0 | 8.00 | 41.00 | 49.00 | NOTE | |
r-patched-linux-x86_64 | 1.0 | 5.20 | 23.63 | 28.83 | NOTE | |
r-release-linux-x86_64 | 1.0 | 5.81 | 25.13 | 30.94 | NOTE | |
r-release-macos-arm64 | 1.0 | 19.00 | NOTE | |||
r-release-macos-x86_64 | 1.0 | 29.00 | NOTE | |||
r-release-windows-x86_64 | 1.0 | 7.00 | 41.00 | 48.00 | NOTE | |
r-oldrel-macos-arm64 | 1.0 | 20.00 | NOTE | |||
r-oldrel-macos-x86_64 | 1.0 | 29.00 | NOTE | |||
r-oldrel-windows-x86_64 | 1.0 | 9.00 | 43.00 | 52.00 | NOTE |
Version: 1.0
Check: LazyData
Result: NOTE
'LazyData' is specified without a 'data' directory
Flavors: r-devel-linux-x86_64-debian-clang, r-devel-linux-x86_64-debian-gcc, r-devel-linux-x86_64-fedora-clang, r-devel-linux-x86_64-fedora-gcc, r-devel-windows-x86_64, r-patched-linux-x86_64, r-release-linux-x86_64, r-release-macos-arm64, r-release-macos-x86_64, r-release-windows-x86_64, r-oldrel-macos-arm64, r-oldrel-macos-x86_64, r-oldrel-windows-x86_64