Last updated on 2024-06-30 00:59:16 CEST.
Flavor | Version | Tinstall | Tcheck | Ttotal | Status | Flags |
---|---|---|---|---|---|---|
r-devel-linux-x86_64-debian-clang | 0.0.1 | 2.62 | 34.49 | 37.11 | NOTE | |
r-devel-linux-x86_64-debian-gcc | 0.0.1 | 1.88 | 26.76 | 28.64 | NOTE | |
r-devel-linux-x86_64-fedora-clang | 0.0.1 | 51.70 | NOTE | |||
r-devel-linux-x86_64-fedora-gcc | 0.0.1 | 58.04 | NOTE | |||
r-devel-windows-x86_64 | 0.0.1 | 4.00 | 50.00 | 54.00 | NOTE | |
r-patched-linux-x86_64 | 0.0.1 | 2.19 | 34.05 | 36.24 | NOTE | |
r-release-linux-x86_64 | 0.0.1 | 2.17 | 34.46 | 36.63 | NOTE | |
r-release-macos-arm64 | 0.0.1 | 23.00 | NOTE | |||
r-release-macos-x86_64 | 0.0.1 | 42.00 | NOTE | |||
r-release-windows-x86_64 | 0.0.1 | 3.00 | 50.00 | 53.00 | NOTE | |
r-oldrel-macos-arm64 | 0.0.1 | 26.00 | NOTE | |||
r-oldrel-macos-x86_64 | 0.0.1 | 38.00 | NOTE | |||
r-oldrel-windows-x86_64 | 0.0.1 | 3.00 | 52.00 | 55.00 | NOTE |
Version: 0.0.1
Check: LazyData
Result: NOTE
'LazyData' is specified without a 'data' directory
Flavors: r-devel-linux-x86_64-debian-clang, r-devel-linux-x86_64-debian-gcc, r-devel-linux-x86_64-fedora-clang, r-devel-linux-x86_64-fedora-gcc, r-devel-windows-x86_64, r-patched-linux-x86_64, r-release-linux-x86_64, r-release-macos-arm64, r-release-macos-x86_64, r-release-windows-x86_64, r-oldrel-macos-arm64, r-oldrel-macos-x86_64, r-oldrel-windows-x86_64