Last updated on 2024-06-30 00:59:16 CEST.
Flavor | Version | Tinstall | Tcheck | Ttotal | Status | Flags |
---|---|---|---|---|---|---|
r-devel-linux-x86_64-debian-clang | 1.0.1 | 91.38 | 463.54 | 554.92 | NOTE | |
r-devel-linux-x86_64-debian-gcc | 1.0.1 | 69.03 | 350.20 | 419.23 | NOTE | |
r-devel-linux-x86_64-fedora-clang | 1.0.1 | 689.54 | NOTE | |||
r-devel-linux-x86_64-fedora-gcc | 1.0.1 | 705.68 | NOTE | |||
r-devel-windows-x86_64 | 1.0.1 | 71.00 | 313.00 | 384.00 | NOTE | |
r-patched-linux-x86_64 | 1.0.1 | 75.65 | 447.24 | 522.89 | NOTE | |
r-release-linux-x86_64 | 1.0.1 | 74.46 | 453.94 | 528.40 | NOTE | |
r-release-macos-arm64 | 1.0.1 | 173.00 | NOTE | |||
r-release-macos-x86_64 | 1.0.1 | 304.00 | NOTE | |||
r-release-windows-x86_64 | 1.0.1 | 72.00 | 316.00 | 388.00 | NOTE | |
r-oldrel-macos-arm64 | 1.0.1 | 189.00 | NOTE | |||
r-oldrel-macos-x86_64 | 1.0.1 | 366.00 | NOTE | |||
r-oldrel-windows-x86_64 | 1.0.1 | 92.00 | 431.00 | 523.00 | NOTE |
Version: 1.0.1
Check: C++ specification
Result: NOTE
Specified C++11: please drop specification unless essential
Flavors: r-devel-linux-x86_64-debian-clang, r-devel-linux-x86_64-debian-gcc, r-devel-linux-x86_64-fedora-clang, r-devel-linux-x86_64-fedora-gcc, r-devel-windows-x86_64, r-patched-linux-x86_64, r-release-linux-x86_64, r-release-macos-arm64, r-release-macos-x86_64, r-release-windows-x86_64, r-oldrel-macos-arm64, r-oldrel-macos-x86_64, r-oldrel-windows-x86_64