Last updated on 2024-06-30 00:59:16 CEST.
Flavor | Version | Tinstall | Tcheck | Ttotal | Status | Flags |
---|---|---|---|---|---|---|
r-devel-linux-x86_64-debian-clang | 1.0.1 | 4.25 | 110.49 | 114.74 | OK | |
r-devel-linux-x86_64-debian-gcc | 1.0.1 | 3.92 | 84.98 | 88.90 | OK | |
r-devel-linux-x86_64-fedora-clang | 1.0.1 | 147.31 | OK | |||
r-devel-linux-x86_64-fedora-gcc | 1.0.1 | 156.72 | OK | |||
r-devel-windows-x86_64 | 1.0.1 | 9.00 | 103.00 | 112.00 | OK | |
r-patched-linux-x86_64 | 1.0.1 | 5.75 | 109.12 | 114.87 | OK | |
r-release-linux-x86_64 | 1.0.1 | 7.55 | 107.41 | 114.96 | OK | |
r-release-macos-arm64 | 1.0.1 | 54.00 | OK | |||
r-release-macos-x86_64 | 1.0.1 | 82.00 | OK | |||
r-release-windows-x86_64 | 1.0.1 | 9.00 | 102.00 | 111.00 | OK | |
r-oldrel-macos-arm64 | 1.0.1 | 32.00 | NOTE | |||
r-oldrel-macos-x86_64 | 1.0.1 | 42.00 | NOTE | |||
r-oldrel-windows-x86_64 | 1.0.1 | 9.00 | 143.00 | 152.00 | OK |
Version: 1.0.1
Check: package dependencies
Result: NOTE
Package suggested but not available for checking: ‘xcms’
Flavors: r-oldrel-macos-arm64, r-oldrel-macos-x86_64