Last updated on 2024-06-30 00:59:16 CEST.
Flavor | Version | Tinstall | Tcheck | Ttotal | Status | Flags |
---|---|---|---|---|---|---|
r-devel-linux-x86_64-debian-clang | 1.1.6 | 449.59 | 425.70 | 875.29 | NOTE | |
r-devel-linux-x86_64-debian-gcc | 1.1.6 | 276.48 | 326.70 | 603.18 | NOTE | |
r-devel-linux-x86_64-fedora-clang | 1.1.6 | 988.80 | NOTE | |||
r-devel-linux-x86_64-fedora-gcc | 1.1.6 | 1073.29 | NOTE | |||
r-devel-windows-x86_64 | 1.1.6 | 231.00 | 325.00 | 556.00 | NOTE | |
r-patched-linux-x86_64 | 1.1.6 | 221.90 | 423.07 | 644.97 | NOTE | |
r-release-linux-x86_64 | 1.1.6 | 244.24 | 429.42 | 673.66 | NOTE | |
r-release-macos-arm64 | 1.1.6 | 254.00 | NOTE | |||
r-release-macos-x86_64 | 1.1.6 | 363.00 | NOTE | |||
r-release-windows-x86_64 | 1.1.6 | 234.00 | 329.00 | 563.00 | NOTE | |
r-oldrel-macos-arm64 | 1.1.6 | 271.00 | NOTE | |||
r-oldrel-macos-x86_64 | 1.1.6 | 572.00 | NOTE | |||
r-oldrel-windows-x86_64 | 1.1.6 | 303.00 | 411.00 | 714.00 | NOTE |
Version: 1.1.6
Check: for GNU extensions in Makefiles
Result: NOTE
GNU make is a SystemRequirements.
Flavors: r-devel-linux-x86_64-debian-clang, r-devel-linux-x86_64-debian-gcc, r-devel-linux-x86_64-fedora-clang, r-devel-linux-x86_64-fedora-gcc, r-devel-windows-x86_64, r-patched-linux-x86_64, r-release-linux-x86_64, r-release-macos-arm64, r-release-macos-x86_64, r-release-windows-x86_64, r-oldrel-macos-arm64, r-oldrel-macos-x86_64, r-oldrel-windows-x86_64
Version: 1.1.6
Check: installed package size
Result: NOTE
installed size is 10.0Mb
sub-directories of 1Mb or more:
data 2.0Mb
doc 2.3Mb
libs 4.7Mb
Flavors: r-devel-linux-x86_64-fedora-clang, r-devel-windows-x86_64, r-release-macos-arm64, r-release-macos-x86_64, r-release-windows-x86_64, r-oldrel-macos-arm64, r-oldrel-macos-x86_64, r-oldrel-windows-x86_64
Version: 1.1.6
Check: dependencies in R code
Result: NOTE
Namespace in Imports field not imported from: ‘rstantools’
All declared Imports should be used.
Flavors: r-devel-linux-x86_64-fedora-clang, r-devel-linux-x86_64-fedora-gcc