Last updated on 2024-06-30 00:59:16 CEST.
Flavor | Version | Tinstall | Tcheck | Ttotal | Status | Flags |
---|---|---|---|---|---|---|
r-devel-linux-x86_64-debian-clang | 1.9 | 6.01 | 54.02 | 60.03 | NOTE | |
r-devel-linux-x86_64-debian-gcc | 1.9 | 5.21 | 41.44 | 46.65 | NOTE | |
r-devel-linux-x86_64-fedora-clang | 1.9 | 75.99 | NOTE | |||
r-devel-linux-x86_64-fedora-gcc | 1.9 | 72.14 | NOTE | |||
r-devel-windows-x86_64 | 1.9 | 6.00 | 64.00 | 70.00 | OK | |
r-patched-linux-x86_64 | 1.9 | 6.48 | 52.21 | 58.69 | NOTE | |
r-release-linux-x86_64 | 1.9 | 5.23 | 51.68 | 56.91 | NOTE | |
r-release-macos-arm64 | 1.9 | 24.00 | OK | |||
r-release-macos-x86_64 | 1.9 | 39.00 | OK | |||
r-release-windows-x86_64 | 1.9 | 6.00 | 66.00 | 72.00 | OK | |
r-oldrel-macos-arm64 | 1.9 | 24.00 | OK | |||
r-oldrel-macos-x86_64 | 1.9 | 51.00 | OK | |||
r-oldrel-windows-x86_64 | 1.9 | 8.00 | 71.00 | 79.00 | OK |
Version: 1.9
Check: for non-standard things in the check directory
Result: NOTE
Found the following files/directories:
‘RMTplot.pdf’
Flavors: r-devel-linux-x86_64-debian-clang, r-devel-linux-x86_64-debian-gcc, r-devel-linux-x86_64-fedora-clang, r-devel-linux-x86_64-fedora-gcc, r-patched-linux-x86_64, r-release-linux-x86_64