Last updated on 2024-06-16 11:57:58 CEST.
Flavor | Version | Tinstall | Tcheck | Ttotal | Status | Flags |
---|---|---|---|---|---|---|
r-devel-linux-x86_64-debian-clang | 6.0.0 | 325.72 | 272.79 | 598.51 | OK | |
r-devel-linux-x86_64-debian-gcc | 6.0.0 | 232.24 | 207.34 | 439.58 | OK | |
r-devel-linux-x86_64-fedora-clang | 6.0.0 | 786.61 | OK | |||
r-devel-linux-x86_64-fedora-gcc | 6.0.0 | 852.28 | OK | |||
r-devel-windows-x86_64 | 6.0.0 | 222.00 | 246.00 | 468.00 | OK | |
r-patched-linux-x86_64 | 6.0.0 | 231.59 | 263.23 | 494.82 | OK | |
r-release-linux-x86_64 | 6.0.0 | 234.75 | 269.36 | 504.11 | OK | |
r-release-macos-arm64 | 6.0.0 | 188.00 | NOTE | |||
r-release-macos-x86_64 | 6.0.0 | 241.00 | NOTE | |||
r-release-windows-x86_64 | 6.0.0 | 226.00 | 245.00 | 471.00 | OK | |
r-oldrel-macos-arm64 | 6.0.0 | 209.00 | NOTE | |||
r-oldrel-macos-x86_64 | 6.0.0 | 321.00 | NOTE | |||
r-oldrel-windows-x86_64 | 6.0.0 | 283.00 | 307.00 | 590.00 | OK |
Version: 6.0.0
Check: installed package size
Result: NOTE
installed size is 34.2Mb
sub-directories of 1Mb or more:
libs 33.9Mb
Flavors: r-release-macos-arm64, r-release-macos-x86_64, r-oldrel-macos-arm64, r-oldrel-macos-x86_64