Last updated on 2024-06-30 00:59:17 CEST.
Flavor | Version | Tinstall | Tcheck | Ttotal | Status | Flags |
---|---|---|---|---|---|---|
r-devel-linux-x86_64-debian-clang | 0.2.6 | 5.40 | 88.45 | 93.85 | OK | |
r-devel-linux-x86_64-debian-gcc | 0.2.6 | 5.41 | 63.97 | 69.38 | OK | |
r-devel-linux-x86_64-fedora-clang | 0.2.6 | 120.77 | NOTE | |||
r-devel-linux-x86_64-fedora-gcc | 0.2.6 | 125.56 | OK | |||
r-devel-windows-x86_64 | 0.2.6 | 6.00 | 87.00 | 93.00 | OK | |
r-patched-linux-x86_64 | 0.2.6 | 4.68 | 85.42 | 90.10 | OK | |
r-release-linux-x86_64 | 0.2.6 | 4.20 | 85.26 | 89.46 | OK | |
r-release-macos-arm64 | 0.2.6 | 44.00 | OK | |||
r-release-macos-x86_64 | 0.2.6 | 89.00 | OK | |||
r-release-windows-x86_64 | 0.2.6 | 6.00 | 86.00 | 92.00 | OK | |
r-oldrel-macos-arm64 | 0.2.6 | 44.00 | OK | |||
r-oldrel-macos-x86_64 | 0.2.6 | 82.00 | OK | |||
r-oldrel-windows-x86_64 | 0.2.6 | 9.00 | 98.00 | 107.00 | OK |
Version: 0.2.6
Check: Rd cross-references
Result: NOTE
Undeclared package ‘ggplot2’ in Rd xrefs
Flavor: r-devel-linux-x86_64-fedora-clang