Last updated on 2024-06-30 00:59:17 CEST.
Flavor | Version | Tinstall | Tcheck | Ttotal | Status | Flags |
---|---|---|---|---|---|---|
r-devel-linux-x86_64-debian-clang | 2.0-2 | 2.81 | 56.61 | 59.42 | NOTE | |
r-devel-linux-x86_64-debian-gcc | 2.0-2 | 3.60 | 42.16 | 45.76 | NOTE | |
r-devel-linux-x86_64-fedora-clang | 2.0-2 | 77.45 | NOTE | |||
r-devel-linux-x86_64-fedora-gcc | 2.0-2 | 85.36 | NOTE | |||
r-devel-windows-x86_64 | 2.0-2 | 4.00 | 57.00 | 61.00 | NOTE | |
r-patched-linux-x86_64 | 2.0-2 | 7.54 | 53.65 | 61.19 | NOTE | |
r-release-linux-x86_64 | 2.0-2 | 4.47 | 52.95 | 57.42 | NOTE | |
r-release-macos-arm64 | 2.0-2 | 30.00 | NOTE | |||
r-release-macos-x86_64 | 2.0-2 | 60.00 | NOTE | |||
r-release-windows-x86_64 | 2.0-2 | 4.00 | 57.00 | 61.00 | NOTE | |
r-oldrel-macos-arm64 | 2.0-2 | 29.00 | OK | |||
r-oldrel-macos-x86_64 | 2.0-2 | 44.00 | OK | |||
r-oldrel-windows-x86_64 | 2.0-2 | 5.00 | 62.00 | 67.00 | OK |
Version: 2.0-2
Check: Rd files
Result: NOTE
prepare_Rd: NEWS.Rd:58: Dropping empty section ‘kelvin INITIAL VERSION 1.0-0 (2012-05-30)’
Flavors: r-devel-linux-x86_64-debian-clang, r-devel-linux-x86_64-debian-gcc, r-devel-linux-x86_64-fedora-clang, r-devel-linux-x86_64-fedora-gcc, r-devel-windows-x86_64, r-patched-linux-x86_64, r-release-linux-x86_64, r-release-macos-arm64, r-release-macos-x86_64, r-release-windows-x86_64