Last updated on 2024-06-30 00:59:17 CEST.
Flavor | Version | Tinstall | Tcheck | Ttotal | Status | Flags |
---|---|---|---|---|---|---|
r-devel-linux-x86_64-debian-clang | 1.2 | 2.98 | 23.48 | 26.46 | OK | |
r-devel-linux-x86_64-debian-gcc | 1.2 | 2.07 | 18.24 | 20.31 | OK | |
r-devel-linux-x86_64-fedora-clang | 1.2 | 33.95 | NOTE | |||
r-devel-linux-x86_64-fedora-gcc | 1.2 | 31.69 | NOTE | |||
r-devel-windows-x86_64 | 1.2 | 5.00 | 41.00 | 46.00 | OK | |
r-patched-linux-x86_64 | 1.2 | 2.94 | 21.97 | 24.91 | OK | |
r-release-linux-x86_64 | 1.2 | 2.93 | 22.69 | 25.62 | OK | |
r-release-macos-arm64 | 1.2 | 18.00 | OK | |||
r-release-macos-x86_64 | 1.2 | 22.00 | OK | |||
r-release-windows-x86_64 | 1.2 | 5.00 | 43.00 | 48.00 | OK | |
r-oldrel-macos-arm64 | 1.2 | 18.00 | OK | |||
r-oldrel-macos-x86_64 | 1.2 | 21.00 | OK | |||
r-oldrel-windows-x86_64 | 1.2 | 5.00 | 43.00 | 48.00 | OK |
Version: 1.2
Check: compiled code
Result: NOTE
File ‘kriging/libs/kriging.so’:
Found no calls to: ‘R_registerRoutines’, ‘R_useDynamicSymbols’
It is good practice to register native routines and to disable symbol
search.
See ‘Writing portable packages’ in the ‘Writing R Extensions’ manual.
Flavors: r-devel-linux-x86_64-fedora-clang, r-devel-linux-x86_64-fedora-gcc