Last updated on 2024-08-16 09:49:08 CEST.
Flavor | Version | Tinstall | Tcheck | Ttotal | Status | Flags |
---|---|---|---|---|---|---|
r-devel-linux-x86_64-debian-clang | 1.6.1 | 19.87 | 349.21 | 369.08 | NOTE | |
r-devel-linux-x86_64-debian-gcc | 1.6.1 | 12.45 | 281.01 | 293.46 | NOTE | |
r-devel-linux-x86_64-fedora-clang | 1.6.1 | 692.23 | OK | |||
r-devel-linux-x86_64-fedora-gcc | 1.6.1 | 611.38 | OK | |||
r-devel-windows-x86_64 | 1.6.1 | 21.00 | 340.00 | 361.00 | NOTE | |
r-patched-linux-x86_64 | 1.6.1 | 28.36 | 358.79 | 387.15 | OK | |
r-release-linux-x86_64 | 1.6.1 | 18.71 | 360.79 | 379.50 | OK | |
r-release-macos-arm64 | 1.6.1 | 278.00 | NOTE | |||
r-release-macos-x86_64 | 1.6.1 | 254.00 | NOTE | |||
r-release-windows-x86_64 | 1.6.1 | 22.00 | 365.00 | 387.00 | OK | |
r-oldrel-macos-arm64 | 1.6.1 | 140.00 | NOTE | |||
r-oldrel-macos-x86_64 | 1.6.1 | 351.00 | NOTE | |||
r-oldrel-windows-x86_64 | 1.6.1 | 28.00 | 427.00 | 455.00 | OK |
Version: 1.6.1
Check: Rd cross-references
Result: NOTE
Found the following Rd file(s) with Rd \link{} targets missing package
anchors:
latrend.Rd: Verbose
latrendBatch.Rd: Verbose
latrendBoot.Rd: Verbose
latrendCV.Rd: Verbose
latrendRep.Rd: Verbose
update.lcModel.Rd: Verbose
Please provide package anchors for all Rd \link{} targets not in the
package itself and the base packages.
Flavors: r-devel-linux-x86_64-debian-clang, r-devel-linux-x86_64-debian-gcc, r-devel-windows-x86_64
Version: 1.6.1
Check: package dependencies
Result: NOTE
Package suggested but not available for checking: ‘mixAK’
Flavors: r-release-macos-arm64, r-release-macos-x86_64, r-oldrel-macos-arm64, r-oldrel-macos-x86_64
Version: 1.6.1
Check: Rd cross-references
Result: NOTE
Package unavailable to check Rd xrefs: ‘mixAK’
Flavors: r-release-macos-arm64, r-release-macos-x86_64, r-oldrel-macos-arm64, r-oldrel-macos-x86_64