Last updated on 2024-06-30 00:59:17 CEST.
Flavor | Version | Tinstall | Tcheck | Ttotal | Status | Flags |
---|---|---|---|---|---|---|
r-devel-linux-x86_64-debian-clang | 1.2 | 17.91 | 157.05 | 174.96 | NOTE | |
r-devel-linux-x86_64-debian-gcc | 1.2 | 14.23 | 117.29 | 131.52 | NOTE | |
r-devel-linux-x86_64-fedora-clang | 1.2 | 224.35 | NOTE | |||
r-devel-linux-x86_64-fedora-gcc | 1.2 | 210.66 | NOTE | |||
r-devel-windows-x86_64 | 1.2 | 17.00 | 117.00 | 134.00 | NOTE | |
r-patched-linux-x86_64 | 1.2 | 12.01 | 150.19 | 162.20 | NOTE | |
r-release-linux-x86_64 | 1.2 | 11.93 | 150.85 | 162.78 | NOTE | |
r-release-macos-arm64 | 1.2 | 61.00 | NOTE | |||
r-release-macos-x86_64 | 1.2 | 87.00 | NOTE | |||
r-release-windows-x86_64 | 1.2 | 17.00 | 120.00 | 137.00 | NOTE | |
r-oldrel-macos-arm64 | 1.2 | 67.00 | NOTE | |||
r-oldrel-macos-x86_64 | 1.2 | 109.00 | NOTE | |||
r-oldrel-windows-x86_64 | 1.2 | 24.00 | 150.00 | 174.00 | NOTE |
Version: 1.2
Check: LazyData
Result: NOTE
'LazyData' is specified without a 'data' directory
Flavors: r-devel-linux-x86_64-debian-clang, r-devel-linux-x86_64-debian-gcc, r-devel-linux-x86_64-fedora-clang, r-devel-linux-x86_64-fedora-gcc, r-devel-windows-x86_64, r-patched-linux-x86_64, r-release-linux-x86_64, r-release-macos-arm64, r-release-macos-x86_64, r-release-windows-x86_64, r-oldrel-macos-arm64, r-oldrel-macos-x86_64, r-oldrel-windows-x86_64