Last updated on 2024-06-30 00:59:17 CEST.
Flavor | Version | Tinstall | Tcheck | Ttotal | Status | Flags |
---|---|---|---|---|---|---|
r-devel-linux-x86_64-debian-clang | 0.2.0 | 3.50 | 94.99 | 98.49 | OK | |
r-devel-linux-x86_64-debian-gcc | 0.2.0 | 3.11 | 70.63 | 73.74 | OK | |
r-devel-linux-x86_64-fedora-clang | 0.2.0 | 129.68 | OK | |||
r-devel-linux-x86_64-fedora-gcc | 0.2.0 | 128.18 | OK | |||
r-devel-windows-x86_64 | 0.2.0 | 4.00 | 93.00 | 97.00 | OK | |
r-patched-linux-x86_64 | 0.2.0 | 4.23 | 91.58 | 95.81 | OK | |
r-release-linux-x86_64 | 0.2.0 | 4.27 | 68.02 | 72.29 | NOTE | |
r-release-macos-arm64 | 0.2.0 | 44.00 | OK | |||
r-release-macos-x86_64 | 0.2.0 | 93.00 | OK | |||
r-release-windows-x86_64 | 0.2.0 | 4.00 | 93.00 | 97.00 | OK | |
r-oldrel-macos-arm64 | 0.2.0 | 60.00 | OK | |||
r-oldrel-macos-x86_64 | 0.2.0 | 157.00 | OK | |||
r-oldrel-windows-x86_64 | 0.2.0 | 4.00 | 108.00 | 112.00 | OK |
Version: 0.2.0
Check: package dependencies
Result: NOTE
Package suggested but not available for checking: ‘tidySEM’
Flavor: r-release-linux-x86_64