Last updated on 2024-06-30 00:59:17 CEST.
Flavor | Version | Tinstall | Tcheck | Ttotal | Status | Flags |
---|---|---|---|---|---|---|
r-devel-linux-x86_64-debian-clang | 1.0.4 | 6.79 | 47.97 | 54.76 | NOTE | |
r-devel-linux-x86_64-debian-gcc | 1.0.4 | 5.46 | 34.61 | 40.07 | NOTE | |
r-devel-linux-x86_64-fedora-clang | 1.0.4 | 67.06 | NOTE | |||
r-devel-linux-x86_64-fedora-gcc | 1.0.4 | 63.08 | NOTE | |||
r-devel-windows-x86_64 | 1.0.4 | 7.00 | 52.00 | 59.00 | NOTE | |
r-patched-linux-x86_64 | 1.0.4 | 6.61 | 45.38 | 51.99 | NOTE | |
r-release-linux-x86_64 | 1.0.4 | 5.59 | 46.70 | 52.29 | NOTE | |
r-release-macos-arm64 | 1.0.4 | 22.00 | NOTE | |||
r-release-macos-x86_64 | 1.0.4 | 32.00 | NOTE | |||
r-release-windows-x86_64 | 1.0.4 | 6.00 | 53.00 | 59.00 | NOTE | |
r-oldrel-macos-arm64 | 1.0.4 | 22.00 | NOTE | |||
r-oldrel-macos-x86_64 | 1.0.4 | 40.00 | NOTE | |||
r-oldrel-windows-x86_64 | 1.0.4 | 8.00 | 59.00 | 67.00 | NOTE |
Version: 1.0.4
Check: LazyData
Result: NOTE
'LazyData' is specified without a 'data' directory
Flavors: r-devel-linux-x86_64-debian-clang, r-devel-linux-x86_64-debian-gcc, r-devel-linux-x86_64-fedora-clang, r-devel-linux-x86_64-fedora-gcc, r-devel-windows-x86_64, r-patched-linux-x86_64, r-release-linux-x86_64, r-release-macos-arm64, r-release-macos-x86_64, r-release-windows-x86_64, r-oldrel-macos-arm64, r-oldrel-macos-x86_64, r-oldrel-windows-x86_64