Last updated on 2024-06-16 11:57:59 CEST.
Flavor | Version | Tinstall | Tcheck | Ttotal | Status | Flags |
---|---|---|---|---|---|---|
r-devel-linux-x86_64-debian-clang | 0.0.2 | 45.46 | 80.24 | 125.70 | NOTE | |
r-devel-linux-x86_64-debian-gcc | 0.0.2 | 37.65 | 57.90 | 95.55 | NOTE | |
r-devel-linux-x86_64-fedora-clang | 0.0.2 | 176.56 | NOTE | |||
r-devel-linux-x86_64-fedora-gcc | 0.0.2 | 186.63 | NOTE | |||
r-devel-windows-x86_64 | 0.0.2 | 40.00 | 97.00 | 137.00 | NOTE | |
r-patched-linux-x86_64 | 0.0.2 | 42.07 | 75.04 | 117.11 | NOTE | |
r-release-linux-x86_64 | 0.0.2 | 41.48 | 73.79 | 115.27 | NOTE | |
r-release-macos-arm64 | 0.0.2 | 48.00 | NOTE | |||
r-release-macos-x86_64 | 0.0.2 | 102.00 | NOTE | |||
r-release-windows-x86_64 | 0.0.2 | 39.00 | 104.00 | 143.00 | NOTE | |
r-oldrel-macos-arm64 | 0.0.2 | 54.00 | NOTE | |||
r-oldrel-macos-x86_64 | 0.0.2 | 85.00 | NOTE | |||
r-oldrel-windows-x86_64 | 0.0.2 | 51.00 | 114.00 | 165.00 | NOTE |
Version: 0.0.2
Check: C++ specification
Result: NOTE
Specified C++11: please drop specification unless essential
Flavors: r-devel-linux-x86_64-debian-clang, r-devel-linux-x86_64-debian-gcc, r-devel-linux-x86_64-fedora-clang, r-devel-linux-x86_64-fedora-gcc, r-devel-windows-x86_64, r-patched-linux-x86_64, r-release-linux-x86_64, r-release-macos-arm64, r-release-macos-x86_64, r-release-windows-x86_64, r-oldrel-macos-arm64, r-oldrel-macos-x86_64, r-oldrel-windows-x86_64
Version: 0.0.2
Check: package subdirectories
Result: NOTE
Problems with news in ‘NEWS.md’:
No news entries found.
Flavors: r-devel-linux-x86_64-debian-clang, r-devel-linux-x86_64-debian-gcc, r-devel-linux-x86_64-fedora-clang, r-devel-linux-x86_64-fedora-gcc, r-devel-windows-x86_64, r-patched-linux-x86_64, r-release-linux-x86_64, r-release-macos-arm64, r-release-macos-x86_64, r-release-windows-x86_64, r-oldrel-macos-arm64, r-oldrel-macos-x86_64, r-oldrel-windows-x86_64