Last updated on 2024-06-30 00:59:17 CEST.
Flavor | Version | Tinstall | Tcheck | Ttotal | Status | Flags |
---|---|---|---|---|---|---|
r-devel-linux-x86_64-debian-clang | 0.1.2 | 61.27 | 149.38 | 210.65 | OK | |
r-devel-linux-x86_64-debian-gcc | 0.1.2 | 43.08 | 102.01 | 145.09 | OK | |
r-devel-linux-x86_64-fedora-clang | 0.1.2 | 289.79 | OK | |||
r-devel-linux-x86_64-fedora-gcc | 0.1.2 | 296.82 | OK | |||
r-devel-windows-x86_64 | 0.1.2 | 52.00 | 125.00 | 177.00 | NOTE | |
r-patched-linux-x86_64 | 0.1.2 | 57.26 | 132.78 | 190.04 | OK | |
r-release-linux-x86_64 | 0.1.2 | 53.76 | 134.75 | 188.51 | OK | |
r-release-macos-arm64 | 0.1.2 | 67.00 | OK | |||
r-release-macos-x86_64 | 0.1.2 | 97.00 | OK | |||
r-release-windows-x86_64 | 0.1.2 | 54.00 | 129.00 | 183.00 | NOTE | |
r-oldrel-macos-arm64 | 0.1.2 | 74.00 | OK | |||
r-oldrel-macos-x86_64 | 0.1.2 | 118.00 | OK | |||
r-oldrel-windows-x86_64 | 0.1.2 | 63.00 | 152.00 | 215.00 | NOTE |
Version: 0.1.2
Check: package dependencies
Result: NOTE
Package suggested but not available for checking: 'doMC'
Flavors: r-devel-windows-x86_64, r-release-windows-x86_64, r-oldrel-windows-x86_64