Last updated on 2024-06-30 00:59:17 CEST.
Flavor | Version | Tinstall | Tcheck | Ttotal | Status | Flags |
---|---|---|---|---|---|---|
r-devel-linux-x86_64-debian-clang | 0.1.27 | 272.19 | 44.43 | 316.62 | OK | |
r-devel-linux-x86_64-debian-gcc | 0.1.27 | 206.38 | 33.89 | 240.27 | OK | |
r-devel-linux-x86_64-fedora-clang | 0.1.27 | 459.43 | OK | |||
r-devel-linux-x86_64-fedora-gcc | 0.1.27 | 481.55 | OK | |||
r-devel-windows-x86_64 | 0.1.27 | 361.00 | 91.00 | 452.00 | NOTE | |
r-patched-linux-x86_64 | 0.1.27 | 236.14 | 42.55 | 278.69 | OK | |
r-release-linux-x86_64 | 0.1.27 | 247.09 | 43.57 | 290.66 | OK | |
r-release-macos-arm64 | 0.1.27 | 123.00 | NOTE | |||
r-release-macos-x86_64 | 0.1.27 | 118.00 | NOTE | |||
r-release-windows-x86_64 | 0.1.27 | 360.00 | 94.00 | 454.00 | NOTE | |
r-oldrel-macos-arm64 | 0.1.27 | 121.00 | NOTE | |||
r-oldrel-macos-x86_64 | 0.1.27 | 149.00 | NOTE | |||
r-oldrel-windows-x86_64 | 0.1.27 | 387.00 | 121.00 | 508.00 | NOTE |
Version: 0.1.27
Check: installed package size
Result: NOTE
installed size is 5.8Mb
sub-directories of 1Mb or more:
libs 5.5Mb
Flavors: r-devel-windows-x86_64, r-release-macos-arm64, r-release-macos-x86_64, r-release-windows-x86_64, r-oldrel-macos-arm64, r-oldrel-macos-x86_64, r-oldrel-windows-x86_64