Last updated on 2024-06-30 00:59:17 CEST.
Flavor | Version | Tinstall | Tcheck | Ttotal | Status | Flags |
---|---|---|---|---|---|---|
r-devel-linux-x86_64-debian-clang | 0.1.0 | 37.44 | 157.35 | 194.79 | OK | |
r-devel-linux-x86_64-debian-gcc | 0.1.0 | 28.60 | 113.43 | 142.03 | OK | |
r-devel-linux-x86_64-fedora-clang | 0.1.0 | 248.04 | NOTE | |||
r-devel-linux-x86_64-fedora-gcc | 0.1.0 | 228.52 | NOTE | |||
r-devel-windows-x86_64 | 0.1.0 | 28.00 | 127.00 | 155.00 | OK | |
r-patched-linux-x86_64 | 0.1.0 | 25.88 | 148.02 | 173.90 | OK | |
r-release-linux-x86_64 | 0.1.0 | 23.15 | 148.29 | 171.44 | OK | |
r-release-macos-arm64 | 0.1.0 | 61.00 | OK | |||
r-release-macos-x86_64 | 0.1.0 | 90.00 | OK | |||
r-release-windows-x86_64 | 0.1.0 | 29.00 | 129.00 | 158.00 | OK | |
r-oldrel-macos-arm64 | 0.1.0 | 68.00 | OK | |||
r-oldrel-macos-x86_64 | 0.1.0 | 113.00 | OK | |||
r-oldrel-windows-x86_64 | 0.1.0 | 40.00 | 162.00 | 202.00 | OK |
Version: 0.1.0
Check: dependencies in R code
Result: NOTE
Namespace in Imports field not imported from: ‘R6’
All declared Imports should be used.
Flavors: r-devel-linux-x86_64-fedora-clang, r-devel-linux-x86_64-fedora-gcc