Last updated on 2024-06-30 00:59:17 CEST.
Flavor | Version | Tinstall | Tcheck | Ttotal | Status | Flags |
---|---|---|---|---|---|---|
r-devel-linux-x86_64-debian-clang | 5.0 | 35.43 | 446.10 | 481.53 | OK | |
r-devel-linux-x86_64-debian-gcc | 5.0 | 25.26 | 310.48 | 335.74 | OK | |
r-devel-linux-x86_64-fedora-clang | 5.0 | 578.62 | OK | |||
r-devel-linux-x86_64-fedora-gcc | 5.0 | 563.31 | OK | |||
r-devel-windows-x86_64 | 5.0 | 26.00 | 274.00 | 300.00 | OK | |
r-patched-linux-x86_64 | 5.0 | 28.78 | 424.62 | 453.40 | OK | |
r-release-linux-x86_64 | 5.0 | 25.71 | 420.92 | 446.63 | OK | |
r-release-macos-arm64 | 5.0 | 134.00 | OK | |||
r-release-macos-x86_64 | 5.0 | 232.00 | OK | |||
r-release-windows-x86_64 | 5.0 | 25.00 | 281.00 | 306.00 | OK | |
r-oldrel-macos-arm64 | 5.0 | 147.00 | OK | |||
r-oldrel-macos-x86_64 | 5.0 | 549.00 | NOTE | |||
r-oldrel-windows-x86_64 | 5.0 | 35.00 | 367.00 | 402.00 | OK |
Version: 5.0
Check: installed package size
Result: NOTE
installed size is 5.3Mb
sub-directories of 1Mb or more:
data 2.2Mb
doc 1.5Mb
extdata 1.1Mb
Flavor: r-oldrel-macos-x86_64