Last updated on 2024-06-30 00:59:17 CEST.
Flavor | Version | Tinstall | Tcheck | Ttotal | Status | Flags |
---|---|---|---|---|---|---|
r-devel-linux-x86_64-debian-clang | 1.0.2 | 31.25 | 304.05 | 335.30 | OK | |
r-devel-linux-x86_64-debian-gcc | 1.0.2 | 23.25 | 214.59 | 237.84 | OK | |
r-devel-linux-x86_64-fedora-clang | 1.0.2 | 419.60 | NOTE | |||
r-devel-linux-x86_64-fedora-gcc | 1.0.2 | 398.21 | NOTE | |||
r-devel-windows-x86_64 | 1.0.2 | 25.00 | 180.00 | 205.00 | OK | |
r-patched-linux-x86_64 | 1.0.2 | 27.74 | 291.36 | 319.10 | OK | |
r-release-linux-x86_64 | 1.0.2 | 19.24 | 292.60 | 311.84 | OK | |
r-release-macos-arm64 | 1.0.2 | 94.00 | OK | |||
r-release-macos-x86_64 | 1.0.2 | 176.00 | OK | |||
r-release-windows-x86_64 | 1.0.2 | 24.00 | 183.00 | 207.00 | OK | |
r-oldrel-macos-arm64 | 1.0.2 | 97.00 | OK | |||
r-oldrel-macos-x86_64 | 1.0.2 | 220.00 | OK | |||
r-oldrel-windows-x86_64 | 1.0.2 | 32.00 | 240.00 | 272.00 | OK |
Version: 1.0.2
Check: dependencies in R code
Result: NOTE
Namespace in Imports field not imported from: ‘knitr’
All declared Imports should be used.
Flavors: r-devel-linux-x86_64-fedora-clang, r-devel-linux-x86_64-fedora-gcc