Last updated on 2024-08-16 09:49:08 CEST.
Flavor | Version | Tinstall | Tcheck | Ttotal | Status | Flags |
---|---|---|---|---|---|---|
r-devel-linux-x86_64-debian-clang | 2.1.1 | 54.79 | 328.13 | 382.92 | OK | |
r-devel-linux-x86_64-debian-gcc | 2.1.1 | 37.17 | 230.98 | 268.15 | OK | |
r-devel-linux-x86_64-fedora-clang | 2.1.1 | 610.03 | NOTE | |||
r-devel-linux-x86_64-fedora-gcc | 2.1.1 | 593.18 | OK | |||
r-devel-windows-x86_64 | 2.1.1 | 50.00 | 273.00 | 323.00 | OK | |
r-patched-linux-x86_64 | 2.1.1 | 49.55 | 313.52 | 363.07 | OK | |
r-release-linux-x86_64 | 2.1.1 | 44.78 | 309.49 | 354.27 | OK | |
r-release-macos-arm64 | 2.1.1 | 161.00 | OK | |||
r-release-macos-x86_64 | 2.1.1 | 227.00 | OK | |||
r-release-windows-x86_64 | 2.1.1 | 51.00 | 280.00 | 331.00 | OK | |
r-oldrel-macos-arm64 | 2.1.1 | 177.00 | OK | |||
r-oldrel-macos-x86_64 | 2.1.1 | 167.00 | OK | |||
r-oldrel-windows-x86_64 | 2.1.1 | 65.00 | 354.00 | 419.00 | OK |
Version: 2.1.1
Check: package dependencies
Result: NOTE
Imports includes 26 non-default packages.
Importing from so many packages makes the package vulnerable to any of
them becoming unavailable. Move as many as possible to Suggests and
use conditionally.
Flavor: r-devel-linux-x86_64-fedora-clang