Last updated on 2024-06-30 00:59:17 CEST.
Flavor | Version | Tinstall | Tcheck | Ttotal | Status | Flags |
---|---|---|---|---|---|---|
r-devel-linux-x86_64-debian-clang | 0.5.7 | 6.77 | 69.29 | 76.06 | NOTE | |
r-devel-linux-x86_64-debian-gcc | 0.5.7 | 5.34 | 52.73 | 58.07 | NOTE | |
r-devel-linux-x86_64-fedora-clang | 0.5.7 | 97.53 | NOTE | |||
r-devel-linux-x86_64-fedora-gcc | 0.5.7 | 103.56 | NOTE | |||
r-devel-windows-x86_64 | 0.5.7 | 6.00 | 82.00 | 88.00 | NOTE | |
r-patched-linux-x86_64 | 0.5.7 | 6.14 | 67.11 | 73.25 | NOTE | |
r-release-linux-x86_64 | 0.5.7 | 5.67 | 66.42 | 72.09 | NOTE | |
r-release-macos-arm64 | 0.5.7 | 36.00 | NOTE | |||
r-release-macos-x86_64 | 0.5.7 | 58.00 | NOTE | |||
r-release-windows-x86_64 | 0.5.7 | 6.00 | 81.00 | 87.00 | NOTE | |
r-oldrel-macos-arm64 | 0.5.7 | 40.00 | OK | |||
r-oldrel-macos-x86_64 | 0.5.7 | 56.00 | OK | |||
r-oldrel-windows-x86_64 | 0.5.7 | 8.00 | 88.00 | 96.00 | OK |
Version: 0.5.7
Check: Rd files
Result: NOTE
checkRd: (-1) ld_build_html_site.Rd:41: Lost braces
41 | directory specified by `rmd_dir`. Note that this is an {{rmarkdown}}
| ^
checkRd: (-1) ld_create_doc.Rd:29: Lost braces
29 | directory specified by `rmd_dir`. Note that this is an {{rmarkdown}}
| ^
Flavors: r-devel-linux-x86_64-debian-clang, r-devel-linux-x86_64-debian-gcc, r-devel-linux-x86_64-fedora-clang, r-devel-linux-x86_64-fedora-gcc, r-devel-windows-x86_64, r-patched-linux-x86_64, r-release-linux-x86_64, r-release-macos-arm64, r-release-macos-x86_64, r-release-windows-x86_64